{"id":991,"date":"2021-10-05T17:36:02","date_gmt":"2021-10-05T15:36:02","guid":{"rendered":"https:\/\/www.musikfabrik.eu\/?page_id=991"},"modified":"2024-10-09T12:20:23","modified_gmt":"2024-10-09T10:20:23","slug":"benjamin-kobler","status":"publish","type":"page","link":"https:\/\/www.musikfabrik.eu\/de\/ensemble\/mitglieder\/benjamin-kobler\/","title":{"rendered":"Benjamin Kobler"},"content":{"rendered":"<div class=\"ce ce-headline pb-medium pt-large\">\n    <div class=\"container\">\n        <div class=\"row\">\n            <div class=\"col\">\n\t\t\t\t<h1>Benjamin Kobler<\/h1>            <\/div>\n        <\/div>\n    <\/div>\n<\/div>\n<div class=\"ce ce-twocol pb-large layout-8-4\" >\r\n    <div class=\"container\">\r\n        <div class=\"row\">\r\n            <div class=\"col col-custom-1\">\r\n\t\t\t\t<p>Der Pianist Benjamin Kobler hat sich als gefragter Interpret der Werke von Lachenmann, Ligeti, Messiaen und Stockhausen und als leidenschaftlicher Anwalt der zeitgen\u00f6ssischen Musik einen Namen gemacht. Als Solist konzertiert er in den USA, Asien, S\u00fcdamerika und den gro\u00dfen Konzerts\u00e4len Europas. Dabei wird er von renommierten Orchestern und namhaften Dirigenten wie Myung-Whun Chung, Vladimir Jurowski oder Sir Simon Rattle begleitet.<\/p>\n<p>Seit 2007 ist er festes Mitglied der Musikfabrik. Gerne gibt er Auftr\u00e4ge f\u00fcr Klavier-Solowerke; derzeit warten eine neue Et\u00fcde von Unsuk Chin und ein Klavierst\u00fcck (\u201eNuss\u201c) von Enno Poppe auf ihre Urauff\u00fchrung.<\/p>\n<p>Zu seinen pr\u00e4gendsten Lehrern z\u00e4hlen Pierre-Laurent Aimard, Peter E\u00f6tv\u00f6s und Carmen Piazzini, mit denen er an der Musikhochschule K\u00f6ln und am Conservatoire de Paris studierte. Benjamin Kobler arbeitete zehn Jahre lang intensiv mit Karlheinz Stockhausen zusammen und ist Widmungstr\u00e4ger seiner letzten Klaviersolost\u00fccke (\u201eNAT\u00dcRLICHE DAUERN\u201d). \u00dcber die Lehrt\u00e4tigkeit bei den Stockhausen-Kursen hinaus gibt er seine Erfahrungen auch an \u00a0der Robert-Schumann-Hochschule D\u00fcsseldorf als Dozent f\u00fcr zeitgen\u00f6ssische Klaviermusik weiter.<\/p>\n            <\/div>\r\n            <div class=\"col col-custom-2\">\r\n\t\t\t\t\n<div class=\"brlbs-cmpnt-container brlbs-cmpnt-content-blocker brlbs-cmpnt-with-individual-styles\" data-borlabs-cookie-content-blocker-id=\"youtube-content-blocker\" data-borlabs-cookie-content=\"PGRpdiBjbGFzcz0icmVzcG9uc2l2ZS12aWRlbyI+PGlmcmFtZSB0aXRsZT0iU2FlZCBIYWRkYWQg4oCTIENyaXRpcXVlcyAmYW1wOyBJcm9uaWVzICgyMDE5KSIgd2lkdGg9IjUwMCIgaGVpZ2h0PSIyODEiIHNyYz0iaHR0cHM6Ly93d3cueW91dHViZS1ub2Nvb2tpZS5jb20vZW1iZWQvTVI4UVpHYTVaREE\/ZmVhdHVyZT1vZW1iZWQmc2hvd2luZm89MCIgZnJhbWVib3JkZXI9IjAiIGFsbG93PSJhY2NlbGVyb21ldGVyOyBhdXRvcGxheTsgY2xpcGJvYXJkLXdyaXRlOyBlbmNyeXB0ZWQtbWVkaWE7IGd5cm9zY29wZTsgcGljdHVyZS1pbi1waWN0dXJlOyB3ZWItc2hhcmUiIHJlZmVycmVycG9saWN5PSJzdHJpY3Qtb3JpZ2luLXdoZW4tY3Jvc3Mtb3JpZ2luIiBhbGxvd2Z1bGxzY3JlZW4+PC9pZnJhbWU+PC9kaXY+\">\n<div class=\"brlbs-cmpnt-cb-preset-c brlbs-cmpnt-cb-youtube\">\n<div class=\"brlbs-cmpnt-cb-thumbnail\" style=\"background-image: url('https:\/\/www.musikfabrik.eu\/wp-content\/uploads\/borlabs-cookie\/1\/yt_MR8QZGa5ZDA_hqdefault.jpg')\"><\/div>\n<div class=\"brlbs-cmpnt-cb-main\">\n<div class=\"brlbs-cmpnt-cb-play-button\"><\/div>\n<div class=\"brlbs-cmpnt-cb-content\">\n<p class=\"brlbs-cmpnt-cb-description\">Sie sehen gerade einen Platzhalterinhalt von <strong>YouTube<\/strong>. Um auf den eigentlichen Inhalt zuzugreifen, klicken Sie auf die Schaltfl\u00e4che unten. Bitte beachten Sie, dass dabei Daten an Drittanbieter weitergegeben werden.<\/p>\n<p> <a class=\"brlbs-cmpnt-cb-provider-toggle\" href=\"#\" data-borlabs-cookie-show-provider-information role=\"button\">Mehr Informationen<\/a> <\/div>\n<div class=\"brlbs-cmpnt-cb-buttons\"> <a class=\"brlbs-cmpnt-cb-btn\" href=\"#\" data-borlabs-cookie-unblock role=\"button\">Inhalt entsperren<\/a> <a class=\"brlbs-cmpnt-cb-btn\" href=\"#\" data-borlabs-cookie-accept-service role=\"button\" style=\"display: inherit\">Erforderlichen Service akzeptieren und Inhalte entsperren<\/a> <\/div>\n<\/p><\/div>\n<\/p><\/div>\n<\/div>\n<div class=\"img-slider\">\n\t<div class=\"swiper-container\">\n\t\t<div class=\"swiper-wrapper\">\n                            <div class=\"swiper-slide\">\n                    <figure>\n                        <div class=\"img-wrapper\">\n                            <img decoding=\"async\" width=\"675\" height=\"450\" src=\"https:\/\/www.musikfabrik.eu\/wp-content\/uploads\/2021\/10\/Kobler-Benjamin-\u00a9-Hans-Fahr-DSC06405.jpg\" class=\"attachment-full size-full\" alt=\"Benjamin Kobler\" srcset=\"https:\/\/www.musikfabrik.eu\/wp-content\/uploads\/2021\/10\/Kobler-Benjamin-\u00a9-Hans-Fahr-DSC06405.jpg 675w, https:\/\/www.musikfabrik.eu\/wp-content\/uploads\/2021\/10\/Kobler-Benjamin-\u00a9-Hans-Fahr-DSC06405-300x200.jpg 300w\" sizes=\"(max-width: 675px) 100vw, 675px\" \/>                        <\/div>\n                                                    <figcaption>\n                                \u00a9 Hans-Fahr                            <\/figcaption>\n                                            <\/figure>\n                <\/div>\n                            <div class=\"swiper-slide\">\n                    <figure>\n                        <div class=\"img-wrapper\">\n                            <img decoding=\"async\" width=\"675\" height=\"450\" src=\"https:\/\/www.musikfabrik.eu\/wp-content\/uploads\/2021\/10\/Benjamina_Kobler_co_pop_2016-\u00a9-JanetSinica.jpg\" class=\"attachment-full size-full\" alt=\"Benjamin Kobler\" srcset=\"https:\/\/www.musikfabrik.eu\/wp-content\/uploads\/2021\/10\/Benjamina_Kobler_co_pop_2016-\u00a9-JanetSinica.jpg 675w, https:\/\/www.musikfabrik.eu\/wp-content\/uploads\/2021\/10\/Benjamina_Kobler_co_pop_2016-\u00a9-JanetSinica-300x200.jpg 300w\" sizes=\"(max-width: 675px) 100vw, 675px\" \/>                        <\/div>\n                                                    <figcaption>\n                                \u00a9 Janet Sinica                            <\/figcaption>\n                                            <\/figure>\n                <\/div>\n                            <div class=\"swiper-slide\">\n                    <figure>\n                        <div class=\"img-wrapper\">\n                            <img decoding=\"async\" width=\"675\" height=\"450\" src=\"https:\/\/www.musikfabrik.eu\/wp-content\/uploads\/2021\/10\/Kobler-Benjamin-\u00a9-Janet-Sinica-_232790103.jpg\" class=\"attachment-full size-full\" alt=\"Benjamin Kobler\" srcset=\"https:\/\/www.musikfabrik.eu\/wp-content\/uploads\/2021\/10\/Kobler-Benjamin-\u00a9-Janet-Sinica-_232790103.jpg 675w, https:\/\/www.musikfabrik.eu\/wp-content\/uploads\/2021\/10\/Kobler-Benjamin-\u00a9-Janet-Sinica-_232790103-300x200.jpg 300w\" sizes=\"(max-width: 675px) 100vw, 675px\" \/>                        <\/div>\n                                                    <figcaption>\n                                \u00a9 Janet Sinica                            <\/figcaption>\n                                            <\/figure>\n                <\/div>\n                            <div class=\"swiper-slide\">\n                    <figure>\n                        <div class=\"img-wrapper\">\n                            <img decoding=\"async\" width=\"675\" height=\"450\" src=\"https:\/\/www.musikfabrik.eu\/wp-content\/uploads\/2021\/10\/Kobler-Benjamin-\u00a9-Hans-Fahr-JS_06575.jpg\" class=\"attachment-full size-full\" alt=\"Benjamin Kobler\" srcset=\"https:\/\/www.musikfabrik.eu\/wp-content\/uploads\/2021\/10\/Kobler-Benjamin-\u00a9-Hans-Fahr-JS_06575.jpg 675w, https:\/\/www.musikfabrik.eu\/wp-content\/uploads\/2021\/10\/Kobler-Benjamin-\u00a9-Hans-Fahr-JS_06575-300x200.jpg 300w\" sizes=\"(max-width: 675px) 100vw, 675px\" \/>                        <\/div>\n                                                    <figcaption>\n                                \u00a9 Hans-Fahr                            <\/figcaption>\n                                            <\/figure>\n                <\/div>\n                            <div class=\"swiper-slide\">\n                    <figure>\n                        <div class=\"img-wrapper\">\n                            <img decoding=\"async\" width=\"675\" height=\"450\" src=\"https:\/\/www.musikfabrik.eu\/wp-content\/uploads\/2021\/10\/Benjamin-Kobler-\u00a9-Janet-Sinica-160916_Benjamin_Kobler\u00a9janetsinica.jpg\" class=\"attachment-full size-full\" alt=\"Benjamin Kobler\" srcset=\"https:\/\/www.musikfabrik.eu\/wp-content\/uploads\/2021\/10\/Benjamin-Kobler-\u00a9-Janet-Sinica-160916_Benjamin_Kobler\u00a9janetsinica.jpg 675w, https:\/\/www.musikfabrik.eu\/wp-content\/uploads\/2021\/10\/Benjamin-Kobler-\u00a9-Janet-Sinica-160916_Benjamin_Kobler\u00a9janetsinica-300x200.jpg 300w\" sizes=\"(max-width: 675px) 100vw, 675px\" \/>                        <\/div>\n                                                    <figcaption>\n                                \u00a9 Janet Sinica                            <\/figcaption>\n                                            <\/figure>\n                <\/div>\n            \t\t<\/div>\n\t\t<div class=\"swiper-button-prev\"><\/div>\n\t\t<div class=\"swiper-button-next\"><\/div>\n\t<\/div>\n<\/div>\n            <\/div>\r\n        <\/div>\r\n    <\/div>\r\n<\/div>\r\n","protected":false},"excerpt":{"rendered":"<p>Benjamin Kobler Der Pianist Benjamin Kobler hat sich als gefragter Interpret der Werke von Lachenmann, Ligeti, Messiaen und Stockhausen und als leidenschaftlicher Anwalt der zeitgen\u00f6ssischen Musik einen Namen gemacht. Als Solist konzertiert er in den USA, Asien, S\u00fcdamerika und den gro\u00dfen Konzerts\u00e4len Europas. Dabei wird er von renommierten Orchestern und namhaften Dirigenten wie Myung-Whun Chung, [&hellip;]<\/p>\n","protected":false},"author":7,"featured_media":0,"parent":102,"menu_order":8,"comment_status":"closed","ping_status":"closed","template":"","meta":{"_acf_changed":false,"_relevanssi_hide_post":"","_relevanssi_hide_content":"","_relevanssi_pin_for_all":"","_relevanssi_pin_keywords":"","_relevanssi_unpin_keywords":"","_relevanssi_related_keywords":"","_relevanssi_related_include_ids":"","_relevanssi_related_exclude_ids":"","_relevanssi_related_no_append":"","_relevanssi_related_not_related":"","_relevanssi_related_posts":"","_relevanssi_noindex_reason":"","footnotes":""},"class_list":["post-991","page","type-page","status-publish","hentry"],"acf":[],"_links":{"self":[{"href":"https:\/\/www.musikfabrik.eu\/de\/wp-json\/wp\/v2\/pages\/991","targetHints":{"allow":["GET"]}}],"collection":[{"href":"https:\/\/www.musikfabrik.eu\/de\/wp-json\/wp\/v2\/pages"}],"about":[{"href":"https:\/\/www.musikfabrik.eu\/de\/wp-json\/wp\/v2\/types\/page"}],"author":[{"embeddable":true,"href":"https:\/\/www.musikfabrik.eu\/de\/wp-json\/wp\/v2\/users\/7"}],"replies":[{"embeddable":true,"href":"https:\/\/www.musikfabrik.eu\/de\/wp-json\/wp\/v2\/comments?post=991"}],"version-history":[{"count":7,"href":"https:\/\/www.musikfabrik.eu\/de\/wp-json\/wp\/v2\/pages\/991\/revisions"}],"predecessor-version":[{"id":13704,"href":"https:\/\/www.musikfabrik.eu\/de\/wp-json\/wp\/v2\/pages\/991\/revisions\/13704"}],"up":[{"embeddable":true,"href":"https:\/\/www.musikfabrik.eu\/de\/wp-json\/wp\/v2\/pages\/102"}],"wp:attachment":[{"href":"https:\/\/www.musikfabrik.eu\/de\/wp-json\/wp\/v2\/media?parent=991"}],"curies":[{"name":"wp","href":"https:\/\/api.w.org\/{rel}","templated":true}]}}

<div class="ce ce-headline pb-medium pt-large">
    <div class="container">
        <div class="row">
            <div class="col">
				<h1>Benjamin Kobler</h1>            </div>
        </div>
    </div>
</div>
<div class="ce ce-twocol pb-large layout-8-4" >
    <div class="container">
        <div class="row">
            <div class="col col-custom-1">
				<p>Der Pianist Benjamin Kobler hat sich als gefragter Interpret der Werke von Lachenmann, Ligeti, Messiaen und Stockhausen und als leidenschaftlicher Anwalt der zeitgenössischen Musik einen Namen gemacht. Als Solist konzertiert er in den USA, Asien, Südamerika und den großen Konzertsälen Europas. Dabei wird er von renommierten Orchestern und namhaften Dirigenten wie Myung-Whun Chung, Vladimir Jurowski oder Sir Simon Rattle begleitet.</p>
<p>Seit 2007 ist er festes Mitglied der Musikfabrik. Gerne gibt er Aufträge für Klavier-Solowerke; derzeit warten eine neue Etüde von Unsuk Chin und ein Klavierstück („Nuss“) von Enno Poppe auf ihre Uraufführung.</p>
<p>Zu seinen prägendsten Lehrern zählen Pierre-Laurent Aimard, Peter Eötvös und Carmen Piazzini, mit denen er an der Musikhochschule Köln und am Conservatoire de Paris studierte. Benjamin Kobler arbeitete zehn Jahre lang intensiv mit Karlheinz Stockhausen zusammen und ist Widmungsträger seiner letzten Klaviersolostücke („NATÜRLICHE DAUERN”). Über die Lehrtätigkeit bei den Stockhausen-Kursen hinaus gibt er seine Erfahrungen auch an  der Robert-Schumann-Hochschule Düsseldorf als Dozent für zeitgenössische Klaviermusik weiter.</p>
            </div>
            <div class="col col-custom-2">
				
<div class="brlbs-cmpnt-container brlbs-cmpnt-content-blocker brlbs-cmpnt-with-individual-styles" data-borlabs-cookie-content-blocker-id="youtube-content-blocker" data-borlabs-cookie-content="PGRpdiBjbGFzcz0icmVzcG9uc2l2ZS12aWRlbyI+PGlmcmFtZSB0aXRsZT0iU2FlZCBIYWRkYWQg4oCTIENyaXRpcXVlcyAmYW1wOyBJcm9uaWVzICgyMDE5KSIgd2lkdGg9IjUwMCIgaGVpZ2h0PSIyODEiIHNyYz0iaHR0cHM6Ly93d3cueW91dHViZS1ub2Nvb2tpZS5jb20vZW1iZWQvTVI4UVpHYTVaREE/ZmVhdHVyZT1vZW1iZWQmc2hvd2luZm89MCIgZnJhbWVib3JkZXI9IjAiIGFsbG93PSJhY2NlbGVyb21ldGVyOyBhdXRvcGxheTsgY2xpcGJvYXJkLXdyaXRlOyBlbmNyeXB0ZWQtbWVkaWE7IGd5cm9zY29wZTsgcGljdHVyZS1pbi1waWN0dXJlOyB3ZWItc2hhcmUiIHJlZmVycmVycG9saWN5PSJzdHJpY3Qtb3JpZ2luLXdoZW4tY3Jvc3Mtb3JpZ2luIiBhbGxvd2Z1bGxzY3JlZW4+PC9pZnJhbWU+PC9kaXY+">
<div class="brlbs-cmpnt-cb-preset-c brlbs-cmpnt-cb-youtube">
<div class="brlbs-cmpnt-cb-thumbnail" style="background-image: url('https://www.musikfabrik.eu/wp-content/uploads/borlabs-cookie/1/yt_MR8QZGa5ZDA_hqdefault.jpg')"></div>
<div class="brlbs-cmpnt-cb-main">
<div class="brlbs-cmpnt-cb-play-button"></div>
<div class="brlbs-cmpnt-cb-content">
<p class="brlbs-cmpnt-cb-description">Sie sehen gerade einen Platzhalterinhalt von <strong>YouTube</strong>. Um auf den eigentlichen Inhalt zuzugreifen, klicken Sie auf die Schaltfläche unten. Bitte beachten Sie, dass dabei Daten an Drittanbieter weitergegeben werden.</p>
<p> <a class="brlbs-cmpnt-cb-provider-toggle" href="#" data-borlabs-cookie-show-provider-information role="button">Mehr Informationen</a> </div>
<div class="brlbs-cmpnt-cb-buttons"> <a class="brlbs-cmpnt-cb-btn" href="#" data-borlabs-cookie-unblock role="button">Inhalt entsperren</a> <a class="brlbs-cmpnt-cb-btn" href="#" data-borlabs-cookie-accept-service role="button" style="display: inherit">Erforderlichen Service akzeptieren und Inhalte entsperren</a> </div>
</p></div>
</p></div>
</div>
<div class="img-slider">
	<div class="swiper-container">
		<div class="swiper-wrapper">
                            <div class="swiper-slide">
                    <figure>
                        <div class="img-wrapper">
                            <img decoding="async" width="675" height="450" src="https://www.musikfabrik.eu/wp-content/uploads/2021/10/Kobler-Benjamin-©-Hans-Fahr-DSC06405.jpg" class="attachment-full size-full" alt="Benjamin Kobler" srcset="https://www.musikfabrik.eu/wp-content/uploads/2021/10/Kobler-Benjamin-©-Hans-Fahr-DSC06405.jpg 675w, https://www.musikfabrik.eu/wp-content/uploads/2021/10/Kobler-Benjamin-©-Hans-Fahr-DSC06405-300x200.jpg 300w" sizes="(max-width: 675px) 100vw, 675px" />                        </div>
                                                    <figcaption>
                                © Hans-Fahr                            </figcaption>
                                            </figure>
                </div>
                            <div class="swiper-slide">
                    <figure>
                        <div class="img-wrapper">
                            <img decoding="async" width="675" height="450" src="https://www.musikfabrik.eu/wp-content/uploads/2021/10/Benjamina_Kobler_co_pop_2016-©-JanetSinica.jpg" class="attachment-full size-full" alt="Benjamin Kobler" srcset="https://www.musikfabrik.eu/wp-content/uploads/2021/10/Benjamina_Kobler_co_pop_2016-©-JanetSinica.jpg 675w, https://www.musikfabrik.eu/wp-content/uploads/2021/10/Benjamina_Kobler_co_pop_2016-©-JanetSinica-300x200.jpg 300w" sizes="(max-width: 675px) 100vw, 675px" />                        </div>
                                                    <figcaption>
                                © Janet Sinica                            </figcaption>
                                            </figure>
                </div>
                            <div class="swiper-slide">
                    <figure>
                        <div class="img-wrapper">
                            <img decoding="async" width="675" height="450" src="https://www.musikfabrik.eu/wp-content/uploads/2021/10/Kobler-Benjamin-©-Janet-Sinica-_232790103.jpg" class="attachment-full size-full" alt="Benjamin Kobler" srcset="https://www.musikfabrik.eu/wp-content/uploads/2021/10/Kobler-Benjamin-©-Janet-Sinica-_232790103.jpg 675w, https://www.musikfabrik.eu/wp-content/uploads/2021/10/Kobler-Benjamin-©-Janet-Sinica-_232790103-300x200.jpg 300w" sizes="(max-width: 675px) 100vw, 675px" />                        </div>
                                                    <figcaption>
                                © Janet Sinica                            </figcaption>
                                            </figure>
                </div>
                            <div class="swiper-slide">
                    <figure>
                        <div class="img-wrapper">
                            <img decoding="async" width="675" height="450" src="https://www.musikfabrik.eu/wp-content/uploads/2021/10/Kobler-Benjamin-©-Hans-Fahr-JS_06575.jpg" class="attachment-full size-full" alt="Benjamin Kobler" srcset="https://www.musikfabrik.eu/wp-content/uploads/2021/10/Kobler-Benjamin-©-Hans-Fahr-JS_06575.jpg 675w, https://www.musikfabrik.eu/wp-content/uploads/2021/10/Kobler-Benjamin-©-Hans-Fahr-JS_06575-300x200.jpg 300w" sizes="(max-width: 675px) 100vw, 675px" />                        </div>
                                                    <figcaption>
                                © Hans-Fahr                            </figcaption>
                                            </figure>
                </div>
                            <div class="swiper-slide">
                    <figure>
                        <div class="img-wrapper">
                            <img decoding="async" width="675" height="450" src="https://www.musikfabrik.eu/wp-content/uploads/2021/10/Benjamin-Kobler-©-Janet-Sinica-160916_Benjamin_Kobler©janetsinica.jpg" class="attachment-full size-full" alt="Benjamin Kobler" srcset="https://www.musikfabrik.eu/wp-content/uploads/2021/10/Benjamin-Kobler-©-Janet-Sinica-160916_Benjamin_Kobler©janetsinica.jpg 675w, https://www.musikfabrik.eu/wp-content/uploads/2021/10/Benjamin-Kobler-©-Janet-Sinica-160916_Benjamin_Kobler©janetsinica-300x200.jpg 300w" sizes="(max-width: 675px) 100vw, 675px" />                        </div>
                                                    <figcaption>
                                © Janet Sinica                            </figcaption>
                                            </figure>
                </div>
            		</div>
		<div class="swiper-button-prev"></div>
		<div class="swiper-button-next"></div>
	</div>
</div>
            </div>
        </div>
    </div>
</div>

<p>Benjamin Kobler Der Pianist Benjamin Kobler hat sich als gefragter Interpret der Werke von Lachenmann, Ligeti, Messiaen und Stockhausen und als leidenschaftlicher Anwalt der zeitgenössischen Musik einen Namen gemacht. Als Solist konzertiert er in den USA, Asien, Südamerika und den großen Konzertsälen Europas. Dabei wird er von renommierten Orchestern und namhaften Dirigenten wie Myung-Whun Chung, [&hellip;]</p>
