{"id":80,"date":"2021-07-05T18:14:45","date_gmt":"2021-07-05T16:14:45","guid":{"rendered":"https:\/\/www.musikfabrik.eu\/spenden\/"},"modified":"2024-10-10T15:14:42","modified_gmt":"2024-10-10T13:14:42","slug":"spenden","status":"publish","type":"page","link":"https:\/\/www.musikfabrik.eu\/de\/spenden\/","title":{"rendered":"Spenden"},"content":{"rendered":"<div class=\"ce ce-headline bgr-white pt-medium\">\n    <div class=\"container\">\n        <div class=\"row\">\n            <div class=\"col\">\n\t\t\t\t<h1>Spenden<\/h1>            <\/div>\n        <\/div>\n    <\/div>\n<\/div>\n<div class=\"ce ce-twocol \" >\r\n    <div class=\"container\">\r\n        <div class=\"row\">\r\n            <div class=\"col col-custom-1\">\r\n\t\t\t\t<p><strong>&#8222;Kunst ist verletzbar. Sie bedarf des besonderen Schutzes und der F\u00f6rderung.&#8220;<\/strong><br \/>\n<em>Gerhart Baum und Renate Liesmann-Baum, Mitglieder im Freundeskreis des Ensemble Musikfabrik<\/em><\/p>\n<p>Wir freuen uns \u00fcber Ihre Unterst\u00fctzung unserer Arbeit! Jeder Beitrag hilft &#8211; ob als einmalige, regelm\u00e4\u00dfige Spende oder als Mitglied in unserem Freundeskreis!<\/p>\n<p>Spenden an das Ensemble Musikfabrik k\u00f6nnen Sie steuerlich geltend machen. F\u00fcr Spenden bis zu 200 \u20ac gen\u00fcgt ein Kontoauszug oder ein Bareinzahlungsbeleg. Auf Nachfrage und ab einem Betrag von 200 \u20ac stellen wir Ihnen gerne eine Spendenbescheinigung aus.<\/p>\n<p>F\u00f6rderer der Musikfabrik e.V.<br \/>\nBIC: COLSDE33XXX<br \/>\nIBAN: DE77 3705 0198 1901 4857 61<\/p>\n            <\/div>\r\n            <div class=\"col col-custom-2\">\r\n\t\t\t\t<figure id=\"attachment_1486\" aria-describedby=\"caption-attachment-1486\" class=\"wp-caption alignnone\"><img decoding=\"async\" class=\"wp-image-1486 size-full\" src=\"https:\/\/www.musikfabrik.eu\/wp-content\/uploads\/2021\/10\/teaserDirkRothbrust_42A9214cAstridAckermann-Kopie.jpg\" alt=\"Dirk Rothbrust \u00a9 Astrid Ackermann\" width=\"800\" height=\"534\" srcset=\"https:\/\/www.musikfabrik.eu\/wp-content\/uploads\/2021\/10\/teaserDirkRothbrust_42A9214cAstridAckermann-Kopie.jpg 800w, https:\/\/www.musikfabrik.eu\/wp-content\/uploads\/2021\/10\/teaserDirkRothbrust_42A9214cAstridAckermann-Kopie-300x200.jpg 300w, https:\/\/www.musikfabrik.eu\/wp-content\/uploads\/2021\/10\/teaserDirkRothbrust_42A9214cAstridAckermann-Kopie-768x513.jpg 768w\" sizes=\"(max-width: 800px) 100vw, 800px\" \/><figcaption id=\"caption-attachment-1486\" class=\"wp-caption-text\">Dirk Rothbrust \u00a9 Astrid Ackermann<\/figcaption><\/figure>\n            <\/div>\r\n        <\/div>\r\n    <\/div>\r\n<\/div>\r\n<div class=\"ce ce-headline bgr-yellow pt-small layout-6\">\n    <div class=\"container\">\n        <div class=\"row\">\n            <div class=\"col\">\n\t\t\t\t<h3>Online Spenden:<\/h3>            <\/div>\n        <\/div>\n    <\/div>\n<\/div>\n<div class=\"ce ce-teaser-list bgr-yellow pt-small\">\n    <div class=\"container\">\n        <div class=\"row\">\n                            <div class=\"teaser-list-item \">\n                    <a href=\"https:\/\/www.musikfabrik.eu\/de\/spenden\/allgemeine-spende\/\" target=\"\">\n                        <figure>\n                            <div class=\"img-wrapper\">\n                                <img decoding=\"async\" width=\"1300\" height=\"867\" src=\"https:\/\/www.musikfabrik.eu\/wp-content\/uploads\/2021\/10\/Ensemble-Musikfabrik-\u00a9-Katharina-Dubno-Querformat-72-dpi.jpg\" class=\"attachment-full size-full\" alt=\"Ensemble Musikfabrik \u00a9 Katharina Dubno - Querformat, 72 dpi\" srcset=\"https:\/\/www.musikfabrik.eu\/wp-content\/uploads\/2021\/10\/Ensemble-Musikfabrik-\u00a9-Katharina-Dubno-Querformat-72-dpi.jpg 1300w, https:\/\/www.musikfabrik.eu\/wp-content\/uploads\/2021\/10\/Ensemble-Musikfabrik-\u00a9-Katharina-Dubno-Querformat-72-dpi-300x200.jpg 300w, https:\/\/www.musikfabrik.eu\/wp-content\/uploads\/2021\/10\/Ensemble-Musikfabrik-\u00a9-Katharina-Dubno-Querformat-72-dpi-1024x683.jpg 1024w, https:\/\/www.musikfabrik.eu\/wp-content\/uploads\/2021\/10\/Ensemble-Musikfabrik-\u00a9-Katharina-Dubno-Querformat-72-dpi-768x512.jpg 768w\" sizes=\"(max-width: 1300px) 100vw, 1300px\" \/>                            <\/div>\n                            <figcaption>\n                                                                    <h2 class=\"teaser-title\"><span class=\"bar-style\">Allgemeine Spende<\/span><\/h2>\n                                                                                            <\/figcaption>\n                        <\/figure>\n                    <\/a>\n                <\/div>\n                            <div class=\"teaser-list-item \">\n                    <a href=\"https:\/\/www.musikfabrik.eu\/de\/ensemble\/freundeskreis\/\" target=\"\">\n                        <figure>\n                            <div class=\"img-wrapper\">\n                                <img decoding=\"async\" width=\"800\" height=\"534\" src=\"https:\/\/www.musikfabrik.eu\/wp-content\/uploads\/2021\/10\/teaser_x_spielBar_DSC_0803JanetSinica.jpg\" class=\"attachment-full size-full\" alt=\"\" srcset=\"https:\/\/www.musikfabrik.eu\/wp-content\/uploads\/2021\/10\/teaser_x_spielBar_DSC_0803JanetSinica.jpg 800w, https:\/\/www.musikfabrik.eu\/wp-content\/uploads\/2021\/10\/teaser_x_spielBar_DSC_0803JanetSinica-300x200.jpg 300w, https:\/\/www.musikfabrik.eu\/wp-content\/uploads\/2021\/10\/teaser_x_spielBar_DSC_0803JanetSinica-768x513.jpg 768w\" sizes=\"(max-width: 800px) 100vw, 800px\" \/>                            <\/div>\n                            <figcaption>\n                                                                    <h2 class=\"teaser-title\"><span class=\"bar-style\">Freunde des Ensemble Musikfabrik<\/span><\/h2>\n                                                                                                    <p class=\"teaser-subtitle\"><span class=\"bar-style\">Mitglied werden<\/span><\/p>\n                                                            <\/figcaption>\n                        <\/figure>\n                    <\/a>\n                <\/div>\n                    <\/div>\n    <\/div>\n<\/div>\n<div class=\"ce ce-teaser-list bgr-yellow\">\n    <div class=\"container\">\n        <div class=\"row\">\n                    <\/div>\n    <\/div>\n<\/div>\n","protected":false},"excerpt":{"rendered":"<p>Spenden &#8222;Kunst ist verletzbar. Sie bedarf des besonderen Schutzes und der F\u00f6rderung.&#8220; Gerhart Baum und Renate Liesmann-Baum, Mitglieder im Freundeskreis des Ensemble Musikfabrik Wir freuen uns \u00fcber Ihre Unterst\u00fctzung unserer Arbeit! Jeder Beitrag hilft &#8211; ob als einmalige, regelm\u00e4\u00dfige Spende oder als Mitglied in unserem Freundeskreis! Spenden an das Ensemble Musikfabrik k\u00f6nnen Sie steuerlich geltend [&hellip;]<\/p>\n","protected":false},"author":1,"featured_media":0,"parent":0,"menu_order":12,"comment_status":"closed","ping_status":"closed","template":"","meta":{"_acf_changed":false,"_relevanssi_hide_post":"","_relevanssi_hide_content":"","_relevanssi_pin_for_all":"","_relevanssi_pin_keywords":"","_relevanssi_unpin_keywords":"","_relevanssi_related_keywords":"","_relevanssi_related_include_ids":"","_relevanssi_related_exclude_ids":"","_relevanssi_related_no_append":"","_relevanssi_related_not_related":"","_relevanssi_related_posts":"","_relevanssi_noindex_reason":"","footnotes":""},"class_list":["post-80","page","type-page","status-publish","hentry"],"acf":[],"_links":{"self":[{"href":"https:\/\/www.musikfabrik.eu\/de\/wp-json\/wp\/v2\/pages\/80","targetHints":{"allow":["GET"]}}],"collection":[{"href":"https:\/\/www.musikfabrik.eu\/de\/wp-json\/wp\/v2\/pages"}],"about":[{"href":"https:\/\/www.musikfabrik.eu\/de\/wp-json\/wp\/v2\/types\/page"}],"author":[{"embeddable":true,"href":"https:\/\/www.musikfabrik.eu\/de\/wp-json\/wp\/v2\/users\/1"}],"replies":[{"embeddable":true,"href":"https:\/\/www.musikfabrik.eu\/de\/wp-json\/wp\/v2\/comments?post=80"}],"version-history":[{"count":9,"href":"https:\/\/www.musikfabrik.eu\/de\/wp-json\/wp\/v2\/pages\/80\/revisions"}],"predecessor-version":[{"id":13721,"href":"https:\/\/www.musikfabrik.eu\/de\/wp-json\/wp\/v2\/pages\/80\/revisions\/13721"}],"wp:attachment":[{"href":"https:\/\/www.musikfabrik.eu\/de\/wp-json\/wp\/v2\/media?parent=80"}],"curies":[{"name":"wp","href":"https:\/\/api.w.org\/{rel}","templated":true}]}}

<div class="ce ce-headline bgr-white pt-medium">
    <div class="container">
        <div class="row">
            <div class="col">
				<h1>Spenden</h1>            </div>
        </div>
    </div>
</div>
<div class="ce ce-twocol " >
    <div class="container">
        <div class="row">
            <div class="col col-custom-1">
				<p><strong>&#8222;Kunst ist verletzbar. Sie bedarf des besonderen Schutzes und der Förderung.&#8220;</strong><br />
<em>Gerhart Baum und Renate Liesmann-Baum, Mitglieder im Freundeskreis des Ensemble Musikfabrik</em></p>
<p>Wir freuen uns über Ihre Unterstützung unserer Arbeit! Jeder Beitrag hilft &#8211; ob als einmalige, regelmäßige Spende oder als Mitglied in unserem Freundeskreis!</p>
<p>Spenden an das Ensemble Musikfabrik können Sie steuerlich geltend machen. Für Spenden bis zu 200 € genügt ein Kontoauszug oder ein Bareinzahlungsbeleg. Auf Nachfrage und ab einem Betrag von 200 € stellen wir Ihnen gerne eine Spendenbescheinigung aus.</p>
<p>Förderer der Musikfabrik e.V.<br />
BIC: COLSDE33XXX<br />
IBAN: DE77 3705 0198 1901 4857 61</p>
            </div>
            <div class="col col-custom-2">
				<figure id="attachment_1486" aria-describedby="caption-attachment-1486" class="wp-caption alignnone"><img decoding="async" class="wp-image-1486 size-full" src="https://www.musikfabrik.eu/wp-content/uploads/2021/10/teaserDirkRothbrust_42A9214cAstridAckermann-Kopie.jpg" alt="Dirk Rothbrust © Astrid Ackermann" width="800" height="534" srcset="https://www.musikfabrik.eu/wp-content/uploads/2021/10/teaserDirkRothbrust_42A9214cAstridAckermann-Kopie.jpg 800w, https://www.musikfabrik.eu/wp-content/uploads/2021/10/teaserDirkRothbrust_42A9214cAstridAckermann-Kopie-300x200.jpg 300w, https://www.musikfabrik.eu/wp-content/uploads/2021/10/teaserDirkRothbrust_42A9214cAstridAckermann-Kopie-768x513.jpg 768w" sizes="(max-width: 800px) 100vw, 800px" /><figcaption id="caption-attachment-1486" class="wp-caption-text">Dirk Rothbrust © Astrid Ackermann</figcaption></figure>
            </div>
        </div>
    </div>
</div>
<div class="ce ce-headline bgr-yellow pt-small layout-6">
    <div class="container">
        <div class="row">
            <div class="col">
				<h3>Online Spenden:</h3>            </div>
        </div>
    </div>
</div>
<div class="ce ce-teaser-list bgr-yellow pt-small">
    <div class="container">
        <div class="row">
                            <div class="teaser-list-item ">
                    <a href="https://www.musikfabrik.eu/de/spenden/allgemeine-spende/" target="">
                        <figure>
                            <div class="img-wrapper">
                                <img decoding="async" width="1300" height="867" src="https://www.musikfabrik.eu/wp-content/uploads/2021/10/Ensemble-Musikfabrik-©-Katharina-Dubno-Querformat-72-dpi.jpg" class="attachment-full size-full" alt="Ensemble Musikfabrik © Katharina Dubno - Querformat, 72 dpi" srcset="https://www.musikfabrik.eu/wp-content/uploads/2021/10/Ensemble-Musikfabrik-©-Katharina-Dubno-Querformat-72-dpi.jpg 1300w, https://www.musikfabrik.eu/wp-content/uploads/2021/10/Ensemble-Musikfabrik-©-Katharina-Dubno-Querformat-72-dpi-300x200.jpg 300w, https://www.musikfabrik.eu/wp-content/uploads/2021/10/Ensemble-Musikfabrik-©-Katharina-Dubno-Querformat-72-dpi-1024x683.jpg 1024w, https://www.musikfabrik.eu/wp-content/uploads/2021/10/Ensemble-Musikfabrik-©-Katharina-Dubno-Querformat-72-dpi-768x512.jpg 768w" sizes="(max-width: 1300px) 100vw, 1300px" />                            </div>
                            <figcaption>
                                                                    <h2 class="teaser-title"><span class="bar-style">Allgemeine Spende</span></h2>
                                                                                            </figcaption>
                        </figure>
                    </a>
                </div>
                            <div class="teaser-list-item ">
                    <a href="https://www.musikfabrik.eu/de/ensemble/freundeskreis/" target="">
                        <figure>
                            <div class="img-wrapper">
                                <img decoding="async" width="800" height="534" src="https://www.musikfabrik.eu/wp-content/uploads/2021/10/teaser_x_spielBar_DSC_0803JanetSinica.jpg" class="attachment-full size-full" alt="" srcset="https://www.musikfabrik.eu/wp-content/uploads/2021/10/teaser_x_spielBar_DSC_0803JanetSinica.jpg 800w, https://www.musikfabrik.eu/wp-content/uploads/2021/10/teaser_x_spielBar_DSC_0803JanetSinica-300x200.jpg 300w, https://www.musikfabrik.eu/wp-content/uploads/2021/10/teaser_x_spielBar_DSC_0803JanetSinica-768x513.jpg 768w" sizes="(max-width: 800px) 100vw, 800px" />                            </div>
                            <figcaption>
                                                                    <h2 class="teaser-title"><span class="bar-style">Freunde des Ensemble Musikfabrik</span></h2>
                                                                                                    <p class="teaser-subtitle"><span class="bar-style">Mitglied werden</span></p>
                                                            </figcaption>
                        </figure>
                    </a>
                </div>
                    </div>
    </div>
</div>
<div class="ce ce-teaser-list bgr-yellow">
    <div class="container">
        <div class="row">
                    </div>
    </div>
</div>

<p>Spenden &#8222;Kunst ist verletzbar. Sie bedarf des besonderen Schutzes und der Förderung.&#8220; Gerhart Baum und Renate Liesmann-Baum, Mitglieder im Freundeskreis des Ensemble Musikfabrik Wir freuen uns über Ihre Unterstützung unserer Arbeit! Jeder Beitrag hilft &#8211; ob als einmalige, regelmäßige Spende oder als Mitglied in unserem Freundeskreis! Spenden an das Ensemble Musikfabrik können Sie steuerlich geltend [&hellip;]</p>
