{"id":2088,"date":"2021-10-29T13:16:26","date_gmt":"2021-10-29T11:16:26","guid":{"rendered":"https:\/\/www.musikfabrik.eu\/?page_id=2088"},"modified":"2021-12-16T13:46:19","modified_gmt":"2021-12-16T12:46:19","slug":"pitch-43","status":"publish","type":"page","link":"https:\/\/www.musikfabrik.eu\/de\/klang-bild\/konzert\/pitch-43\/","title":{"rendered":"pitch 43"},"content":{"rendered":"<div class=\"ce ce-hero \" \">\r\n    <figure>\r\n        <div class=\"img-wrapper\">\r\n\t        <img decoding=\"async\" width=\"2000\" height=\"933\" src=\"https:\/\/www.musikfabrik.eu\/wp-content\/uploads\/2021\/10\/Hero-pitch-43-\u00a9-Janet-Sinica-DSC_0326_Sian-Edwardsc-Janet-Sinica.jpg\" class=\"attachment-full size-full\" alt=\"\u00a9 Janet Sinica\" srcset=\"https:\/\/www.musikfabrik.eu\/wp-content\/uploads\/2021\/10\/Hero-pitch-43-\u00a9-Janet-Sinica-DSC_0326_Sian-Edwardsc-Janet-Sinica.jpg 2000w, https:\/\/www.musikfabrik.eu\/wp-content\/uploads\/2021\/10\/Hero-pitch-43-\u00a9-Janet-Sinica-DSC_0326_Sian-Edwardsc-Janet-Sinica-300x140.jpg 300w, https:\/\/www.musikfabrik.eu\/wp-content\/uploads\/2021\/10\/Hero-pitch-43-\u00a9-Janet-Sinica-DSC_0326_Sian-Edwardsc-Janet-Sinica-1024x478.jpg 1024w, https:\/\/www.musikfabrik.eu\/wp-content\/uploads\/2021\/10\/Hero-pitch-43-\u00a9-Janet-Sinica-DSC_0326_Sian-Edwardsc-Janet-Sinica-768x358.jpg 768w, https:\/\/www.musikfabrik.eu\/wp-content\/uploads\/2021\/10\/Hero-pitch-43-\u00a9-Janet-Sinica-DSC_0326_Sian-Edwardsc-Janet-Sinica-1536x717.jpg 1536w\" sizes=\"(max-width: 2000px) 100vw, 2000px\" \/>        <\/div>\r\n\t        <\/figure>\r\n<\/div>\r\n<div class=\"ce ce-twocol pt-large layout-8-4\" >\r\n    <div class=\"container\">\r\n        <div class=\"row\">\r\n            <div class=\"col col-custom-1\">\r\n\t\t\t\t<h1 class=\"headline-balken\">pitch 43_tuning the cosmos<\/h1>\n<p>&nbsp;<\/p>\n<p>Der Godfather der US-amerikanischen Just-Intonation-Bewegung, der Komponist, Theoretiker, Vision\u00e4r und Instrumentenbauer <strong>Harry Partch <\/strong>(1901-1974), hat ein hochkomplexes Tonsystem entwickelt, das die Oktave in 43 T\u00f6nen unterteilt &#8211; eine ungew\u00f6hnlich gro\u00dfe Zahl an mikrotonalen Tonabst\u00e4nden, die die Realisierung seiner Musik auf herk\u00f6mmlichem Instrumentarium unm\u00f6glich machte. So entwickelte und baute Harry Partch im Laufe seines Lebens ein umfangreiches Instrumentarium &#8211; klingende Tonskulpturen von eigenwilliger Sch\u00f6nheit und gro\u00dfer B\u00fchnenpr\u00e4senz.<\/p>\n<p>F\u00fcr das Ensemble Musikfabrik wurde im Jahr 2012 dieses gesamte mikrotonale Instrumentarium von Thomas Meixner nachgebaut.  Der Nachbau ist ein weltweit einmaliges Gro\u00dfprojekt, bei dem mehr als 50, zum Teil skulpturale Instrumente gebaut wurden: Saiten-, Schlag-, Glocken- und Tasteninstrumente sowie kleinere Handinstrumente.<\/p>\n<p>Bis 2012 existierte nur ein einziger kompletter Satz aller Original-Instrumente in den USA. Die fragilen und zum Teil in schlechtem Zustand befindlichen Instrumente lagern heute an der School of Music der University of Washington in Seattle und sind nur einem kleinen Kreis von Personen zug\u00e4nglich. Das ist der Grund, warum Partchs mikrotonales Werk bis heute \u2013 au\u00dferhalb der USA &#8211; noch so gut wie unbekannt ist.<\/p>\n<p>Erstmals in Europa schaffte das Ensemble Musikfabrik durch den Bau des Instrumentariums die Voraussetzung, das faszinierende, exotische \u0152uvre Harry Partchs einer breiten \u00d6ffentlichkeit in der Form zug\u00e4ngig zu machen, wie es vom Komponisten gedacht wurde: n\u00e4mlich als LIVE-Ereignis.<\/p>\n<p>Komponisten in Europa erhalten nun mit <strong>pitch 43_tuning the cosmos<\/strong> die M\u00f6glichkeit, das Partch-Instrumentarium zu studieren und daf\u00fcr neue Werke zu schreiben. In jedem der beteiligten Auff\u00fchrungsl\u00e4nder wird ein Kompositionsauftrag an einen nationalen Komponisten vergeben und uraufgef\u00fchrt. Dazu w\u00e4hlen die Veranstalter weitere Werke aus der Liste der bereits vorangegangenen Urauff\u00fchrungen aus anderen L\u00e4ndern sowie ein Originalwerk Harry Partchs aus. So entsteht ein einmaliges europ\u00e4isches Kompositionsgeflecht von neuen mikrotonalen Werken kombiniert mit Auff\u00fchrungen der bisher unbekannten originalen Partch-Werke.<\/p>\n<p>Mit <strong>pitch 43_tuning the cosmos<\/strong> werden so neue Impulse im Umgang mit dem musikalischen Erbe Harry Partchs gegeben.<br \/>\nDas Projekt ist eine Werkschau und ein Labor gleichzeitig: die Pr\u00e4sentation einer musikalisch bisher nahezu unbekannten, \u00e4u\u00dferst farbenreichen und exotischen Facette der zeitgen\u00f6ssischen Musik des 20. Jahrhunderts, und ein brandaktueller Einblick in den Umgang junger Komponisten des 21. Jahrhunderts mit diesem musikalischen Erbe.<\/p>\n<p>Mit seinem erworbenen Know-how im Erlernen und Spielen der Instrumente steht das Ensemble Musikfabrik den Komponisten als Europas einziger \u201ePartch-Klangk\u00f6rper\u201c zur Verf\u00fcgung und kann hier neue Impulse im Bereich der musikalischen, aber auch wissenschaftlichen Auseinandersetzung  mit der Tradition und Zukunft mikrotonaler Kompositionstechniken setzen.<\/p>\n<p>Bisher wurden Kompositionsauftr\u00e4ge u.a. an <strong>Martin Smolka<\/strong>, <strong>Simon Steen-Andersen<\/strong>, <strong>Caspar Johannes Walter<\/strong>, <strong>Carola Bauckholt<\/strong>, <strong>Klaus Lang<\/strong>, <strong>Sampo Haapam\u00e4ki, <\/strong><strong>Helge Sten<\/strong> und <strong>Claudia Molitor<\/strong> vergeben.<\/p>\n<p><em>Der Bau der Instrumente und deren Einstudierung wurden gef\u00f6rdert durch die Kulturstiftung des Bundes und die Kunststiftung NRW.<\/em><\/p>\n            <\/div>\r\n            <div class=\"col col-custom-2\">\r\n\t\t\t\t<figure><img decoding=\"async\" class=\"size-medium wp-image-2095\" src=\"https:\/\/www.musikfabrik.eu\/wp-content\/uploads\/2021\/10\/\u00a9-Janet-Sinica-DSC_0539_Sian-Edwards_Sampo-HaapamaekicJanet-Sinica-300x200.jpg\" alt=\"\u00a9 Janet Sinica\" width=\"300\" height=\"200\" srcset=\"https:\/\/www.musikfabrik.eu\/wp-content\/uploads\/2021\/10\/\u00a9-Janet-Sinica-DSC_0539_Sian-Edwards_Sampo-HaapamaekicJanet-Sinica-300x200.jpg 300w, https:\/\/www.musikfabrik.eu\/wp-content\/uploads\/2021\/10\/\u00a9-Janet-Sinica-DSC_0539_Sian-Edwards_Sampo-HaapamaekicJanet-Sinica-768x512.jpg 768w, https:\/\/www.musikfabrik.eu\/wp-content\/uploads\/2021\/10\/\u00a9-Janet-Sinica-DSC_0539_Sian-Edwards_Sampo-HaapamaekicJanet-Sinica.jpg 1000w\" sizes=\"(max-width: 300px) 100vw, 300px\" \/><\/figure>\n<figure><img decoding=\"async\" class=\"size-medium wp-image-2093\" src=\"https:\/\/www.musikfabrik.eu\/wp-content\/uploads\/2021\/10\/\u00a9-Janet-Sinica-DSC_0375_Florentin-GinotcJanet-Sinica-300x200.jpg\" alt=\"\u00a9 Janet Sinica\" width=\"300\" height=\"200\" srcset=\"https:\/\/www.musikfabrik.eu\/wp-content\/uploads\/2021\/10\/\u00a9-Janet-Sinica-DSC_0375_Florentin-GinotcJanet-Sinica-300x200.jpg 300w, https:\/\/www.musikfabrik.eu\/wp-content\/uploads\/2021\/10\/\u00a9-Janet-Sinica-DSC_0375_Florentin-GinotcJanet-Sinica-768x512.jpg 768w, https:\/\/www.musikfabrik.eu\/wp-content\/uploads\/2021\/10\/\u00a9-Janet-Sinica-DSC_0375_Florentin-GinotcJanet-Sinica.jpg 1000w\" sizes=\"(max-width: 300px) 100vw, 300px\" \/><\/figure>\n<figure id=\"attachment_2091\" aria-describedby=\"caption-attachment-2091\" class=\"wp-caption alignnone\"><img decoding=\"async\" class=\"size-medium wp-image-2091\" src=\"https:\/\/www.musikfabrik.eu\/wp-content\/uploads\/2021\/10\/\u00a9-Janet-Sinica-DSC_0015_Dirk-Rothbrust-cJanet-Sinica-300x200.jpg\" alt=\"\u00a9 Janet Sinica\" width=\"300\" height=\"200\" srcset=\"https:\/\/www.musikfabrik.eu\/wp-content\/uploads\/2021\/10\/\u00a9-Janet-Sinica-DSC_0015_Dirk-Rothbrust-cJanet-Sinica-300x200.jpg 300w, https:\/\/www.musikfabrik.eu\/wp-content\/uploads\/2021\/10\/\u00a9-Janet-Sinica-DSC_0015_Dirk-Rothbrust-cJanet-Sinica-768x512.jpg 768w, https:\/\/www.musikfabrik.eu\/wp-content\/uploads\/2021\/10\/\u00a9-Janet-Sinica-DSC_0015_Dirk-Rothbrust-cJanet-Sinica.jpg 1000w\" sizes=\"(max-width: 300px) 100vw, 300px\" \/><figcaption id=\"caption-attachment-2091\" class=\"wp-caption-text\">\u00a9 Janet Sinica<\/figcaption><\/figure>\n            <\/div>\r\n        <\/div>\r\n    <\/div>\r\n<\/div>\r\n<div class=\"ce ce-accordion \">\n  <div class=\"container\">\n    <div class=\"row\">\n      <div class=\"col\">\n        <div class=\"accordion\"><div class=\"accordion-panel\" data-panel-id=\"vergangene-pitch-43-veranstaltungen\">\n    <div class=\"accordion-headline\">\n        <div class=\"accordion-headline-inner\">\n            <h4>Vergangene pitch 43 Veranstaltungen<span class=\"accordion-toggle-btn\"><\/span><\/h4>\n        <\/div>\n    <\/div>\n    <div class=\"accordion-content\">\n        <div class=\"accordion-content-inner\"><div class=\"ce ce-onecol \" >\r\n    <div class=\"container\">\r\n        <div class=\"row\">\r\n            <div class=\"col\">\r\n\t\t\t\t<p><strong>17.06.2018<\/strong><br \/>\n<strong>Musikfabrik im WDR 66 &#8211; Pitch 43_Continuum<\/strong><br \/>\nWDR Funkhaus am Wallrafplatz<br \/>\n<strong>Sampo Haapam\u00e4ki, Martin Smolka und Helge Sten<\/strong><\/p>\n<p><strong>02.11.2017 <\/strong>und <strong>03.11.2017 <\/strong><br \/>\n<strong>Greatest Hits<\/strong><br \/>\nHamburg, Kampnagel<br \/>\n<strong>Simon Steen-Andersen, Helge Sten, Harry Partch <\/strong>und <strong>Phillip Sollmann<\/strong><\/p>\n<p><strong>16.09.2017 <\/strong>und <strong>17.09.2017<\/strong><br \/>\n<strong>Ruhrtriennale<\/strong><br \/>\nJahrhunderthalle Bochum<br \/>\n<strong>Simon Steen-Andersen, Helge Sten, Harry Partch <\/strong>und <strong>Phillip Sollmann<\/strong><\/p>\n<p><strong>10.07.2017<\/strong><br \/>\n<strong>Campuskonzert &#8211; Walking with Partch<\/strong><br \/>\nK\u00f6ln, Studio des Ensemble Musikfabrik<br \/>\n<strong>Claudia Molitor<\/strong><\/p>\n<p><strong>13.07.2017<\/strong><br \/>\n<strong>Raumkl\u00e4nge<\/strong><br \/>\nLeverkusen, Schloss Morsbroich<br \/>\n<strong>Claudia Molitor<\/strong><\/p>\n<p><strong>07.02.2017<\/strong><br \/>\n<strong>Monophonie<\/strong><br \/>\nVolksb\u00fchne am Rosa-Luxemburg-Platz<br \/>\n<strong>Phillip Sollmann<\/strong><\/p>\n<p><strong>18.11.2016 <\/strong>und<strong> 19.11.2016<\/strong><br \/>\n<strong>Huddersfield Contemporary Music Festival<\/strong><br \/>\nHuddersfield, Bates Mill &#8211; The Blending Shed<br \/>\n<strong>Claudia Molitor<\/strong><\/p>\n<p><strong>07.07.2016<br \/>\nTime of Music Festival<\/strong><br \/>\nViitasaari, Viitaarena<br \/>\n<strong>Simon Steen-Andersen, Helge Sten<\/strong> und <strong>Sampo Haapam\u00e4ki<\/strong><\/p>\n<p><strong>11.10.2015<\/strong><br \/>\n<strong>Musikfabrik im WDR 56 &#8211; Pitch 43_Tuning the cosmos<\/strong><br \/>\nK\u00f6ln, WDR Funkhaus am Wallrafplatz<br \/>\n<strong>Simon Steen-Andersen, <\/strong><strong>Caspar Johannes Walter, <\/strong><strong>Klaus Lang <\/strong>und <strong>Carola Bauckholt<\/strong><\/p>\n<p><strong>25.09.2015<\/strong><br \/>\n<strong>Klangspuren Schwaz<\/strong><br \/>\nSchwaz, Silbersaal im Szentrum<br \/>\n<strong>Simon Steen-Andersen<\/strong> und <strong>Klaus Lang<\/strong><\/p>\n<p><strong>12.09.2015<\/strong><br \/>\n<strong>Ultima Oslo<\/strong><br \/>\n<strong>Simon Steen-Andersen <\/strong>und<strong> Helge Sten<\/strong><\/p>\n<p><strong>29.05.2015<br \/>\nKunstfestspiele Herrenhausen<\/strong><br \/>\nHannover, Galerie Herrenhausen<br \/>\n<strong>Caspar Johannes Walter<\/strong> und <strong>Carola Bauckholt<\/strong><\/p>\n<p><strong>06.03.2015<br \/>\nSalzburg Biennale<\/strong><br \/>\nSalzburg, republic<br \/>\n<strong>Caspar Johannes Walter <\/strong>und <strong>Simon Steen-Andersen<\/strong><\/p>\n            <\/div>\r\n        <\/div>\r\n    <\/div>\r\n<\/div>\r\n<\/div><\/div><\/div><\/div><\/div><\/div><\/div><\/div>","protected":false},"excerpt":{"rendered":"","protected":false},"author":7,"featured_media":0,"parent":94,"menu_order":8,"comment_status":"closed","ping_status":"closed","template":"","meta":{"_acf_changed":false,"_relevanssi_hide_post":"","_relevanssi_hide_content":"","_relevanssi_pin_for_all":"","_relevanssi_pin_keywords":"","_relevanssi_unpin_keywords":"","_relevanssi_related_keywords":"","_relevanssi_related_include_ids":"","_relevanssi_related_exclude_ids":"","_relevanssi_related_no_append":"","_relevanssi_related_not_related":"","_relevanssi_related_posts":"","_relevanssi_noindex_reason":"","footnotes":""},"class_list":["post-2088","page","type-page","status-publish","hentry"],"acf":[],"_links":{"self":[{"href":"https:\/\/www.musikfabrik.eu\/de\/wp-json\/wp\/v2\/pages\/2088","targetHints":{"allow":["GET"]}}],"collection":[{"href":"https:\/\/www.musikfabrik.eu\/de\/wp-json\/wp\/v2\/pages"}],"about":[{"href":"https:\/\/www.musikfabrik.eu\/de\/wp-json\/wp\/v2\/types\/page"}],"author":[{"embeddable":true,"href":"https:\/\/www.musikfabrik.eu\/de\/wp-json\/wp\/v2\/users\/7"}],"replies":[{"embeddable":true,"href":"https:\/\/www.musikfabrik.eu\/de\/wp-json\/wp\/v2\/comments?post=2088"}],"version-history":[{"count":3,"href":"https:\/\/www.musikfabrik.eu\/de\/wp-json\/wp\/v2\/pages\/2088\/revisions"}],"predecessor-version":[{"id":4948,"href":"https:\/\/www.musikfabrik.eu\/de\/wp-json\/wp\/v2\/pages\/2088\/revisions\/4948"}],"up":[{"embeddable":true,"href":"https:\/\/www.musikfabrik.eu\/de\/wp-json\/wp\/v2\/pages\/94"}],"wp:attachment":[{"href":"https:\/\/www.musikfabrik.eu\/de\/wp-json\/wp\/v2\/media?parent=2088"}],"curies":[{"name":"wp","href":"https:\/\/api.w.org\/{rel}","templated":true}]}}

<div class="ce ce-hero " ">
    <figure>
        <div class="img-wrapper">
	        <img decoding="async" width="2000" height="933" src="https://www.musikfabrik.eu/wp-content/uploads/2021/10/Hero-pitch-43-©-Janet-Sinica-DSC_0326_Sian-Edwardsc-Janet-Sinica.jpg" class="attachment-full size-full" alt="© Janet Sinica" srcset="https://www.musikfabrik.eu/wp-content/uploads/2021/10/Hero-pitch-43-©-Janet-Sinica-DSC_0326_Sian-Edwardsc-Janet-Sinica.jpg 2000w, https://www.musikfabrik.eu/wp-content/uploads/2021/10/Hero-pitch-43-©-Janet-Sinica-DSC_0326_Sian-Edwardsc-Janet-Sinica-300x140.jpg 300w, https://www.musikfabrik.eu/wp-content/uploads/2021/10/Hero-pitch-43-©-Janet-Sinica-DSC_0326_Sian-Edwardsc-Janet-Sinica-1024x478.jpg 1024w, https://www.musikfabrik.eu/wp-content/uploads/2021/10/Hero-pitch-43-©-Janet-Sinica-DSC_0326_Sian-Edwardsc-Janet-Sinica-768x358.jpg 768w, https://www.musikfabrik.eu/wp-content/uploads/2021/10/Hero-pitch-43-©-Janet-Sinica-DSC_0326_Sian-Edwardsc-Janet-Sinica-1536x717.jpg 1536w" sizes="(max-width: 2000px) 100vw, 2000px" />        </div>
	        </figure>
</div>
<div class="ce ce-twocol pt-large layout-8-4" >
    <div class="container">
        <div class="row">
            <div class="col col-custom-1">
				<h1 class="headline-balken">pitch 43_tuning the cosmos</h1>
<p>&nbsp;</p>
<p>Der Godfather der US-amerikanischen Just-Intonation-Bewegung, der Komponist, Theoretiker, Visionär und Instrumentenbauer <strong>Harry Partch </strong>(1901-1974), hat ein hochkomplexes Tonsystem entwickelt, das die Oktave in 43 Tönen unterteilt &#8211; eine ungewöhnlich große Zahl an mikrotonalen Tonabständen, die die Realisierung seiner Musik auf herkömmlichem Instrumentarium unmöglich machte. So entwickelte und baute Harry Partch im Laufe seines Lebens ein umfangreiches Instrumentarium &#8211; klingende Tonskulpturen von eigenwilliger Schönheit und großer Bühnenpräsenz.</p>
<p>Für das Ensemble Musikfabrik wurde im Jahr 2012 dieses gesamte mikrotonale Instrumentarium von Thomas Meixner nachgebaut.  Der Nachbau ist ein weltweit einmaliges Großprojekt, bei dem mehr als 50, zum Teil skulpturale Instrumente gebaut wurden: Saiten-, Schlag-, Glocken- und Tasteninstrumente sowie kleinere Handinstrumente.</p>
<p>Bis 2012 existierte nur ein einziger kompletter Satz aller Original-Instrumente in den USA. Die fragilen und zum Teil in schlechtem Zustand befindlichen Instrumente lagern heute an der School of Music der University of Washington in Seattle und sind nur einem kleinen Kreis von Personen zugänglich. Das ist der Grund, warum Partchs mikrotonales Werk bis heute – außerhalb der USA &#8211; noch so gut wie unbekannt ist.</p>
<p>Erstmals in Europa schaffte das Ensemble Musikfabrik durch den Bau des Instrumentariums die Voraussetzung, das faszinierende, exotische Œuvre Harry Partchs einer breiten Öffentlichkeit in der Form zugängig zu machen, wie es vom Komponisten gedacht wurde: nämlich als LIVE-Ereignis.</p>
<p>Komponisten in Europa erhalten nun mit <strong>pitch 43_tuning the cosmos</strong> die Möglichkeit, das Partch-Instrumentarium zu studieren und dafür neue Werke zu schreiben. In jedem der beteiligten Aufführungsländer wird ein Kompositionsauftrag an einen nationalen Komponisten vergeben und uraufgeführt. Dazu wählen die Veranstalter weitere Werke aus der Liste der bereits vorangegangenen Uraufführungen aus anderen Ländern sowie ein Originalwerk Harry Partchs aus. So entsteht ein einmaliges europäisches Kompositionsgeflecht von neuen mikrotonalen Werken kombiniert mit Aufführungen der bisher unbekannten originalen Partch-Werke.</p>
<p>Mit <strong>pitch 43_tuning the cosmos</strong> werden so neue Impulse im Umgang mit dem musikalischen Erbe Harry Partchs gegeben.<br />
Das Projekt ist eine Werkschau und ein Labor gleichzeitig: die Präsentation einer musikalisch bisher nahezu unbekannten, äußerst farbenreichen und exotischen Facette der zeitgenössischen Musik des 20. Jahrhunderts, und ein brandaktueller Einblick in den Umgang junger Komponisten des 21. Jahrhunderts mit diesem musikalischen Erbe.</p>
<p>Mit seinem erworbenen Know-how im Erlernen und Spielen der Instrumente steht das Ensemble Musikfabrik den Komponisten als Europas einziger „Partch-Klangkörper“ zur Verfügung und kann hier neue Impulse im Bereich der musikalischen, aber auch wissenschaftlichen Auseinandersetzung  mit der Tradition und Zukunft mikrotonaler Kompositionstechniken setzen.</p>
<p>Bisher wurden Kompositionsaufträge u.a. an <strong>Martin Smolka</strong>, <strong>Simon Steen-Andersen</strong>, <strong>Caspar Johannes Walter</strong>, <strong>Carola Bauckholt</strong>, <strong>Klaus Lang</strong>, <strong>Sampo Haapamäki, </strong><strong>Helge Sten</strong> und <strong>Claudia Molitor</strong> vergeben.</p>
<p><em>Der Bau der Instrumente und deren Einstudierung wurden gefördert durch die Kulturstiftung des Bundes und die Kunststiftung NRW.</em></p>
            </div>
            <div class="col col-custom-2">
				<figure><img decoding="async" class="size-medium wp-image-2095" src="https://www.musikfabrik.eu/wp-content/uploads/2021/10/©-Janet-Sinica-DSC_0539_Sian-Edwards_Sampo-HaapamaekicJanet-Sinica-300x200.jpg" alt="© Janet Sinica" width="300" height="200" srcset="https://www.musikfabrik.eu/wp-content/uploads/2021/10/©-Janet-Sinica-DSC_0539_Sian-Edwards_Sampo-HaapamaekicJanet-Sinica-300x200.jpg 300w, https://www.musikfabrik.eu/wp-content/uploads/2021/10/©-Janet-Sinica-DSC_0539_Sian-Edwards_Sampo-HaapamaekicJanet-Sinica-768x512.jpg 768w, https://www.musikfabrik.eu/wp-content/uploads/2021/10/©-Janet-Sinica-DSC_0539_Sian-Edwards_Sampo-HaapamaekicJanet-Sinica.jpg 1000w" sizes="(max-width: 300px) 100vw, 300px" /></figure>
<figure><img decoding="async" class="size-medium wp-image-2093" src="https://www.musikfabrik.eu/wp-content/uploads/2021/10/©-Janet-Sinica-DSC_0375_Florentin-GinotcJanet-Sinica-300x200.jpg" alt="© Janet Sinica" width="300" height="200" srcset="https://www.musikfabrik.eu/wp-content/uploads/2021/10/©-Janet-Sinica-DSC_0375_Florentin-GinotcJanet-Sinica-300x200.jpg 300w, https://www.musikfabrik.eu/wp-content/uploads/2021/10/©-Janet-Sinica-DSC_0375_Florentin-GinotcJanet-Sinica-768x512.jpg 768w, https://www.musikfabrik.eu/wp-content/uploads/2021/10/©-Janet-Sinica-DSC_0375_Florentin-GinotcJanet-Sinica.jpg 1000w" sizes="(max-width: 300px) 100vw, 300px" /></figure>
<figure id="attachment_2091" aria-describedby="caption-attachment-2091" class="wp-caption alignnone"><img decoding="async" class="size-medium wp-image-2091" src="https://www.musikfabrik.eu/wp-content/uploads/2021/10/©-Janet-Sinica-DSC_0015_Dirk-Rothbrust-cJanet-Sinica-300x200.jpg" alt="© Janet Sinica" width="300" height="200" srcset="https://www.musikfabrik.eu/wp-content/uploads/2021/10/©-Janet-Sinica-DSC_0015_Dirk-Rothbrust-cJanet-Sinica-300x200.jpg 300w, https://www.musikfabrik.eu/wp-content/uploads/2021/10/©-Janet-Sinica-DSC_0015_Dirk-Rothbrust-cJanet-Sinica-768x512.jpg 768w, https://www.musikfabrik.eu/wp-content/uploads/2021/10/©-Janet-Sinica-DSC_0015_Dirk-Rothbrust-cJanet-Sinica.jpg 1000w" sizes="(max-width: 300px) 100vw, 300px" /><figcaption id="caption-attachment-2091" class="wp-caption-text">© Janet Sinica</figcaption></figure>
            </div>
        </div>
    </div>
</div>
<div class="ce ce-accordion ">
  <div class="container">
    <div class="row">
      <div class="col">
        <div class="accordion"><div class="accordion-panel" data-panel-id="vergangene-pitch-43-veranstaltungen">
    <div class="accordion-headline">
        <div class="accordion-headline-inner">
            <h4>Vergangene pitch 43 Veranstaltungen<span class="accordion-toggle-btn"></span></h4>
        </div>
    </div>
    <div class="accordion-content">
        <div class="accordion-content-inner"><div class="ce ce-onecol " >
    <div class="container">
        <div class="row">
            <div class="col">
				<p><strong>17.06.2018</strong><br />
<strong>Musikfabrik im WDR 66 &#8211; Pitch 43_Continuum</strong><br />
WDR Funkhaus am Wallrafplatz<br />
<strong>Sampo Haapamäki, Martin Smolka und Helge Sten</strong></p>
<p><strong>02.11.2017 </strong>und <strong>03.11.2017 </strong><br />
<strong>Greatest Hits</strong><br />
Hamburg, Kampnagel<br />
<strong>Simon Steen-Andersen, Helge Sten, Harry Partch </strong>und <strong>Phillip Sollmann</strong></p>
<p><strong>16.09.2017 </strong>und <strong>17.09.2017</strong><br />
<strong>Ruhrtriennale</strong><br />
Jahrhunderthalle Bochum<br />
<strong>Simon Steen-Andersen, Helge Sten, Harry Partch </strong>und <strong>Phillip Sollmann</strong></p>
<p><strong>10.07.2017</strong><br />
<strong>Campuskonzert &#8211; Walking with Partch</strong><br />
Köln, Studio des Ensemble Musikfabrik<br />
<strong>Claudia Molitor</strong></p>
<p><strong>13.07.2017</strong><br />
<strong>Raumklänge</strong><br />
Leverkusen, Schloss Morsbroich<br />
<strong>Claudia Molitor</strong></p>
<p><strong>07.02.2017</strong><br />
<strong>Monophonie</strong><br />
Volksbühne am Rosa-Luxemburg-Platz<br />
<strong>Phillip Sollmann</strong></p>
<p><strong>18.11.2016 </strong>und<strong> 19.11.2016</strong><br />
<strong>Huddersfield Contemporary Music Festival</strong><br />
Huddersfield, Bates Mill &#8211; The Blending Shed<br />
<strong>Claudia Molitor</strong></p>
<p><strong>07.07.2016<br />
Time of Music Festival</strong><br />
Viitasaari, Viitaarena<br />
<strong>Simon Steen-Andersen, Helge Sten</strong> und <strong>Sampo Haapamäki</strong></p>
<p><strong>11.10.2015</strong><br />
<strong>Musikfabrik im WDR 56 &#8211; Pitch 43_Tuning the cosmos</strong><br />
Köln, WDR Funkhaus am Wallrafplatz<br />
<strong>Simon Steen-Andersen, </strong><strong>Caspar Johannes Walter, </strong><strong>Klaus Lang </strong>und <strong>Carola Bauckholt</strong></p>
<p><strong>25.09.2015</strong><br />
<strong>Klangspuren Schwaz</strong><br />
Schwaz, Silbersaal im Szentrum<br />
<strong>Simon Steen-Andersen</strong> und <strong>Klaus Lang</strong></p>
<p><strong>12.09.2015</strong><br />
<strong>Ultima Oslo</strong><br />
<strong>Simon Steen-Andersen </strong>und<strong> Helge Sten</strong></p>
<p><strong>29.05.2015<br />
Kunstfestspiele Herrenhausen</strong><br />
Hannover, Galerie Herrenhausen<br />
<strong>Caspar Johannes Walter</strong> und <strong>Carola Bauckholt</strong></p>
<p><strong>06.03.2015<br />
Salzburg Biennale</strong><br />
Salzburg, republic<br />
<strong>Caspar Johannes Walter </strong>und <strong>Simon Steen-Andersen</strong></p>
            </div>
        </div>
    </div>
</div>
</div></div></div></div></div></div></div></div>
