{"id":1692,"date":"2021-10-15T12:23:42","date_gmt":"2021-10-15T10:23:42","guid":{"rendered":"https:\/\/www.musikfabrik.eu\/?page_id=1692"},"modified":"2021-10-15T12:45:58","modified_gmt":"2021-10-15T10:45:58","slug":"samstag-aus-licht","status":"publish","type":"page","link":"https:\/\/www.musikfabrik.eu\/de\/klang-bild\/buehne\/samstag-aus-licht\/","title":{"rendered":"Samstag aus Licht"},"content":{"rendered":"<div class=\"ce ce-headline pt-large\">\n    <div class=\"container\">\n        <div class=\"row\">\n            <div class=\"col\">\n\t\t\t\t<h1>Samstag aus Licht<\/h1>            <\/div>\n        <\/div>\n    <\/div>\n<\/div>\n<div class=\"ce ce-headline \">\n    <div class=\"container\">\n        <div class=\"row\">\n            <div class=\"col\">\n\t\t\t\t<h3>Karlheinz Stockhausen<\/h3>            <\/div>\n        <\/div>\n    <\/div>\n<\/div>\n<div class=\"ce ce-twocol layout-8-4\" >\r\n    <div class=\"container\">\r\n        <div class=\"row\">\r\n            <div class=\"col col-custom-1\">\r\n\t\t\t\t<p>Sieben gro\u00dfe Opern, 29 Stunden Musik, vollendet nach einem 26j\u00e4hrigen Schaffensprozess &#8211; Karlheinz Stockhausens Opernzyklus LICHT \u00fcber die sieben Tage der Woche z\u00e4hlt ohne Zweifel zu den epochalen Opernwerken der Moderne. Verglichen mit diesem Werk der Superlative wirkt Wagners \u201eRing\u201c geradezu \u00fcberschaubar. Umso seltener sind szenische Auff\u00fchrungen daraus.<\/p>\n<p>Nach den international gefeierten Weltpremieren der Opern SONNTAG aus LICHT (K\u00f6ln 2011) und der spektakul\u00e4ren Inszenierung von MICHAELs REISE (2. Akt vom DONNERSTAG aus LICHT) war das Ensemble Musikfabrik im Rahmen der traditionsreichen <a href=\"http:\/\/www.br.de\/radio\/br-klassik\/orchester-chor\/musica-viva\/index.html\" target=\"_blank\" rel=\"noopener\">musica viva-Konzertreihe<\/a> des Bayerischen Rundfunks 2013 an der deutschen Erstauff\u00fchrung von SAMSTAG aus LICHT beteiligt.<\/p>\n<p>Im Mittelpunkt der Oper SAMSTAG steht die b\u00f6se, zerst\u00f6rerische Kraft von Luzifer als Antagonist des Erzengels Michael. Vom 26. Juni bis 1. Juli 2013 wurden die vier Szenen der Oper als eigene Veranstaltungen in der von Stockhausen selbst eingerichteten \u201equasi-konzertanten\u201c Fassung pr\u00e4sentiert. Beteiligt waren neben zahlreichen Solisten auch der Chor und das Symphonieorchester des Bayerischen Rundfunks mit Rupert Huber und Ingo Metzmacher als Dirigenten.<\/p>\n<p>Auf den Seiten des <a href=\"http:\/\/www.br.de\/radio\/br-klassik\/orchester-chor\/musica-viva\/muenchen-stockhausen-samstag100.html\" target=\"_blank\" rel=\"noopener\">Bayerischen Rundfunks<\/a> ist eine TV-Dokumentation zu dem Projekt anzusehen.<\/p>\n            <\/div>\r\n            <div class=\"col col-custom-2\">\r\n\t\t\t\t<figure><img decoding=\"async\" class=\"size-medium wp-image-1693 alignleft\" src=\"https:\/\/www.musikfabrik.eu\/wp-content\/uploads\/2021\/10\/SAMSTAG-aus-LICHT-Szene-2-3cBR-Astrid-Ackermann-300x200.jpg\" alt=\"\u00a9 Astrid Ackermann\" width=\"300\" height=\"200\" srcset=\"https:\/\/www.musikfabrik.eu\/wp-content\/uploads\/2021\/10\/SAMSTAG-aus-LICHT-Szene-2-3cBR-Astrid-Ackermann-300x200.jpg 300w, https:\/\/www.musikfabrik.eu\/wp-content\/uploads\/2021\/10\/SAMSTAG-aus-LICHT-Szene-2-3cBR-Astrid-Ackermann.jpg 768w\" sizes=\"(max-width: 300px) 100vw, 300px\" \/><\/figure>\n<figure><img decoding=\"async\" class=\"size-medium wp-image-1695 alignleft\" src=\"https:\/\/www.musikfabrik.eu\/wp-content\/uploads\/2021\/10\/Stockh_280613_1257-Astrid-Ackermann-300x200.jpg\" alt=\"\u00a9 Astrid Ackermann\" width=\"300\" height=\"200\" srcset=\"https:\/\/www.musikfabrik.eu\/wp-content\/uploads\/2021\/10\/Stockh_280613_1257-Astrid-Ackermann-300x200.jpg 300w, https:\/\/www.musikfabrik.eu\/wp-content\/uploads\/2021\/10\/Stockh_280613_1257-Astrid-Ackermann.jpg 768w\" sizes=\"(max-width: 300px) 100vw, 300px\" \/><\/figure>\n<figure id=\"attachment_1697\" aria-describedby=\"caption-attachment-1697\" class=\"wp-caption alignleft\"><img decoding=\"async\" class=\"size-medium wp-image-1697\" src=\"https:\/\/www.musikfabrik.eu\/wp-content\/uploads\/2021\/10\/Kathinka-Pasveer-cBR-Astrid-Ackermann-300x205.jpg\" alt=\"\u00a9 Astrid Ackermann\" width=\"300\" height=\"205\" srcset=\"https:\/\/www.musikfabrik.eu\/wp-content\/uploads\/2021\/10\/Kathinka-Pasveer-cBR-Astrid-Ackermann-300x205.jpg 300w, https:\/\/www.musikfabrik.eu\/wp-content\/uploads\/2021\/10\/Kathinka-Pasveer-cBR-Astrid-Ackermann.jpg 768w\" sizes=\"(max-width: 300px) 100vw, 300px\" \/><figcaption id=\"caption-attachment-1697\" class=\"wp-caption-text\">\u00a9 Astrid Ackermann<\/figcaption><\/figure>\n            <\/div>\r\n        <\/div>\r\n    <\/div>\r\n<\/div>\r\n","protected":false},"excerpt":{"rendered":"<p>Samstag aus Licht Karlheinz Stockhausen Sieben gro\u00dfe Opern, 29 Stunden Musik, vollendet nach einem 26j\u00e4hrigen Schaffensprozess &#8211; Karlheinz Stockhausens Opernzyklus LICHT \u00fcber die sieben Tage der Woche z\u00e4hlt ohne Zweifel zu den epochalen Opernwerken der Moderne. Verglichen mit diesem Werk der Superlative wirkt Wagners \u201eRing\u201c geradezu \u00fcberschaubar. Umso seltener sind szenische Auff\u00fchrungen daraus. Nach den [&hellip;]<\/p>\n","protected":false},"author":7,"featured_media":0,"parent":92,"menu_order":4,"comment_status":"closed","ping_status":"closed","template":"","meta":{"_acf_changed":false,"_relevanssi_hide_post":"","_relevanssi_hide_content":"","_relevanssi_pin_for_all":"","_relevanssi_pin_keywords":"","_relevanssi_unpin_keywords":"","_relevanssi_related_keywords":"","_relevanssi_related_include_ids":"","_relevanssi_related_exclude_ids":"","_relevanssi_related_no_append":"","_relevanssi_related_not_related":"","_relevanssi_related_posts":"","_relevanssi_noindex_reason":"","footnotes":""},"class_list":["post-1692","page","type-page","status-publish","hentry"],"acf":[],"_links":{"self":[{"href":"https:\/\/www.musikfabrik.eu\/de\/wp-json\/wp\/v2\/pages\/1692","targetHints":{"allow":["GET"]}}],"collection":[{"href":"https:\/\/www.musikfabrik.eu\/de\/wp-json\/wp\/v2\/pages"}],"about":[{"href":"https:\/\/www.musikfabrik.eu\/de\/wp-json\/wp\/v2\/types\/page"}],"author":[{"embeddable":true,"href":"https:\/\/www.musikfabrik.eu\/de\/wp-json\/wp\/v2\/users\/7"}],"replies":[{"embeddable":true,"href":"https:\/\/www.musikfabrik.eu\/de\/wp-json\/wp\/v2\/comments?post=1692"}],"version-history":[{"count":5,"href":"https:\/\/www.musikfabrik.eu\/de\/wp-json\/wp\/v2\/pages\/1692\/revisions"}],"predecessor-version":[{"id":1710,"href":"https:\/\/www.musikfabrik.eu\/de\/wp-json\/wp\/v2\/pages\/1692\/revisions\/1710"}],"up":[{"embeddable":true,"href":"https:\/\/www.musikfabrik.eu\/de\/wp-json\/wp\/v2\/pages\/92"}],"wp:attachment":[{"href":"https:\/\/www.musikfabrik.eu\/de\/wp-json\/wp\/v2\/media?parent=1692"}],"curies":[{"name":"wp","href":"https:\/\/api.w.org\/{rel}","templated":true}]}}

<div class="ce ce-headline pt-large">
    <div class="container">
        <div class="row">
            <div class="col">
				<h1>Samstag aus Licht</h1>            </div>
        </div>
    </div>
</div>
<div class="ce ce-headline ">
    <div class="container">
        <div class="row">
            <div class="col">
				<h3>Karlheinz Stockhausen</h3>            </div>
        </div>
    </div>
</div>
<div class="ce ce-twocol layout-8-4" >
    <div class="container">
        <div class="row">
            <div class="col col-custom-1">
				<p>Sieben große Opern, 29 Stunden Musik, vollendet nach einem 26jährigen Schaffensprozess &#8211; Karlheinz Stockhausens Opernzyklus LICHT über die sieben Tage der Woche zählt ohne Zweifel zu den epochalen Opernwerken der Moderne. Verglichen mit diesem Werk der Superlative wirkt Wagners „Ring“ geradezu überschaubar. Umso seltener sind szenische Aufführungen daraus.</p>
<p>Nach den international gefeierten Weltpremieren der Opern SONNTAG aus LICHT (Köln 2011) und der spektakulären Inszenierung von MICHAELs REISE (2. Akt vom DONNERSTAG aus LICHT) war das Ensemble Musikfabrik im Rahmen der traditionsreichen <a href="http://www.br.de/radio/br-klassik/orchester-chor/musica-viva/index.html" target="_blank" rel="noopener">musica viva-Konzertreihe</a> des Bayerischen Rundfunks 2013 an der deutschen Erstaufführung von SAMSTAG aus LICHT beteiligt.</p>
<p>Im Mittelpunkt der Oper SAMSTAG steht die böse, zerstörerische Kraft von Luzifer als Antagonist des Erzengels Michael. Vom 26. Juni bis 1. Juli 2013 wurden die vier Szenen der Oper als eigene Veranstaltungen in der von Stockhausen selbst eingerichteten „quasi-konzertanten“ Fassung präsentiert. Beteiligt waren neben zahlreichen Solisten auch der Chor und das Symphonieorchester des Bayerischen Rundfunks mit Rupert Huber und Ingo Metzmacher als Dirigenten.</p>
<p>Auf den Seiten des <a href="http://www.br.de/radio/br-klassik/orchester-chor/musica-viva/muenchen-stockhausen-samstag100.html" target="_blank" rel="noopener">Bayerischen Rundfunks</a> ist eine TV-Dokumentation zu dem Projekt anzusehen.</p>
            </div>
            <div class="col col-custom-2">
				<figure><img decoding="async" class="size-medium wp-image-1693 alignleft" src="https://www.musikfabrik.eu/wp-content/uploads/2021/10/SAMSTAG-aus-LICHT-Szene-2-3cBR-Astrid-Ackermann-300x200.jpg" alt="© Astrid Ackermann" width="300" height="200" srcset="https://www.musikfabrik.eu/wp-content/uploads/2021/10/SAMSTAG-aus-LICHT-Szene-2-3cBR-Astrid-Ackermann-300x200.jpg 300w, https://www.musikfabrik.eu/wp-content/uploads/2021/10/SAMSTAG-aus-LICHT-Szene-2-3cBR-Astrid-Ackermann.jpg 768w" sizes="(max-width: 300px) 100vw, 300px" /></figure>
<figure><img decoding="async" class="size-medium wp-image-1695 alignleft" src="https://www.musikfabrik.eu/wp-content/uploads/2021/10/Stockh_280613_1257-Astrid-Ackermann-300x200.jpg" alt="© Astrid Ackermann" width="300" height="200" srcset="https://www.musikfabrik.eu/wp-content/uploads/2021/10/Stockh_280613_1257-Astrid-Ackermann-300x200.jpg 300w, https://www.musikfabrik.eu/wp-content/uploads/2021/10/Stockh_280613_1257-Astrid-Ackermann.jpg 768w" sizes="(max-width: 300px) 100vw, 300px" /></figure>
<figure id="attachment_1697" aria-describedby="caption-attachment-1697" class="wp-caption alignleft"><img decoding="async" class="size-medium wp-image-1697" src="https://www.musikfabrik.eu/wp-content/uploads/2021/10/Kathinka-Pasveer-cBR-Astrid-Ackermann-300x205.jpg" alt="© Astrid Ackermann" width="300" height="205" srcset="https://www.musikfabrik.eu/wp-content/uploads/2021/10/Kathinka-Pasveer-cBR-Astrid-Ackermann-300x205.jpg 300w, https://www.musikfabrik.eu/wp-content/uploads/2021/10/Kathinka-Pasveer-cBR-Astrid-Ackermann.jpg 768w" sizes="(max-width: 300px) 100vw, 300px" /><figcaption id="caption-attachment-1697" class="wp-caption-text">© Astrid Ackermann</figcaption></figure>
            </div>
        </div>
    </div>
</div>

<p>Samstag aus Licht Karlheinz Stockhausen Sieben große Opern, 29 Stunden Musik, vollendet nach einem 26jährigen Schaffensprozess &#8211; Karlheinz Stockhausens Opernzyklus LICHT über die sieben Tage der Woche zählt ohne Zweifel zu den epochalen Opernwerken der Moderne. Verglichen mit diesem Werk der Superlative wirkt Wagners „Ring“ geradezu überschaubar. Umso seltener sind szenische Aufführungen daraus. Nach den [&hellip;]</p>
