{"id":1091,"date":"2021-10-05T19:40:02","date_gmt":"2021-10-05T17:40:02","guid":{"rendered":"https:\/\/www.musikfabrik.eu\/?page_id=1091"},"modified":"2021-12-15T12:28:40","modified_gmt":"2021-12-15T11:28:40","slug":"dirk-wietheger","status":"publish","type":"page","link":"https:\/\/www.musikfabrik.eu\/de\/ensemble\/mitglieder\/dirk-wietheger\/","title":{"rendered":"Dirk Wietheger"},"content":{"rendered":"<div class=\"ce ce-headline pb-medium pt-large\">\n    <div class=\"container\">\n        <div class=\"row\">\n            <div class=\"col\">\n\t\t\t\t<h1>Dirk Wietheger<\/h1>            <\/div>\n        <\/div>\n    <\/div>\n<\/div>\n<div class=\"ce ce-twocol pb-large layout-8-4\" >\r\n    <div class=\"container\">\r\n        <div class=\"row\">\r\n            <div class=\"col col-custom-1\">\r\n\t\t\t\t<p>Dirk Wietheger wurde 1972 in M\u00fcnster\/Westfalen geboren. Er studierte an der Hochschule f\u00fcr Musik Detmold bei Gotthard Popp und Karine Georgian, danach an der Hochschule f\u00fcr Musik und Theater Hannover bei Klaus Heitz. Anschlie\u00dfend besuchte er die Meisterklasse von Xenia Jankovic an der Hochschule f\u00fcr Musik W\u00fcrzburg, welche er 2002 mit dem Meisterklassendiplom abschloss. Auf zahlreichen Meisterkursen vervollst\u00e4ndigte er seine Ausbildung, u.a. bei Maria Kliegel, Arto Noras, David Geringas und Heinrich Schiff.<\/p>\n<p>Bereits 1991 wurde er eingeladen, auf dem Festival Aktive Musik Ruhrgebiet ein Werk f\u00fcr Violoncello solo des japanischen Komponisten Seiichi Inagaki als Urauff\u00fchrung zu spielen. Seitdem konzertiert er viel als Solist und Kammermusiker im deutschsprachigen Raum, schwerpunktm\u00e4\u00dfig mit Werken des 20. Jahrhunderts. So trat er z.B. bei der Biennale Neue Musik Hannover oder bei den Bielefelder Konzerttagen auf, wo ihn die dortige Presse als \u201eHochbegabung ersten Ranges\u201c bezeichnete.<\/p>\n<p>Seit 2001 ist er festes Mitglied des Ensemble Musikfabrik. 2004 erschien eine von der Kritik begeistert aufgenommene Solo-CD mit Werken von Gubajdulina, Jan\u00e1\u010dek und Grieg bei TACET\/EigenArt. Dirk Wietheger lehrt im Rahmen von Meisterklassen und Workshops, so z.B. an der Robert-Schumann-Hochschule D\u00fcsseldorf. Von 2009 bis 2011 hatte er einen Lehrauftrag an der Hochschule f\u00fcr Musik Detmold inne. Er spielt ein Testore-Violoncello aus Mailand, Anfang 18. Jahrhundert.<\/p>\n            <\/div>\r\n            <div class=\"col col-custom-2\">\r\n\t\t\t\t\n<div class=\"brlbs-cmpnt-container brlbs-cmpnt-content-blocker brlbs-cmpnt-with-individual-styles\" data-borlabs-cookie-content-blocker-id=\"youtube-content-blocker\" data-borlabs-cookie-content=\"PGRpdiBjbGFzcz0icmVzcG9uc2l2ZS12aWRlbyI+PGlmcmFtZSB0aXRsZT0iSm9oYW5uZXMgU2Now7ZsbGhvcm4g4oCTIEdyaXNhaWxsZSAoMjAxMykiIHdpZHRoPSI1MDAiIGhlaWdodD0iMjgxIiBzcmM9Imh0dHBzOi8vd3d3LnlvdXR1YmUtbm9jb29raWUuY29tL2VtYmVkL0NhOHFYLXA4YVl3P2ZlYXR1cmU9b2VtYmVkJnNob3dpbmZvPTAiIGZyYW1lYm9yZGVyPSIwIiBhbGxvdz0iYWNjZWxlcm9tZXRlcjsgYXV0b3BsYXk7IGNsaXBib2FyZC13cml0ZTsgZW5jcnlwdGVkLW1lZGlhOyBneXJvc2NvcGU7IHBpY3R1cmUtaW4tcGljdHVyZTsgd2ViLXNoYXJlIiByZWZlcnJlcnBvbGljeT0ic3RyaWN0LW9yaWdpbi13aGVuLWNyb3NzLW9yaWdpbiIgYWxsb3dmdWxsc2NyZWVuPjwvaWZyYW1lPjwvZGl2Pg==\">\n<div class=\"brlbs-cmpnt-cb-preset-c brlbs-cmpnt-cb-youtube\">\n<div class=\"brlbs-cmpnt-cb-thumbnail\" style=\"background-image: url('https:\/\/www.musikfabrik.eu\/wp-content\/uploads\/borlabs-cookie\/1\/yt_Ca8qX-p8aYw_hqdefault.jpg')\"><\/div>\n<div class=\"brlbs-cmpnt-cb-main\">\n<div class=\"brlbs-cmpnt-cb-play-button\"><\/div>\n<div class=\"brlbs-cmpnt-cb-content\">\n<p class=\"brlbs-cmpnt-cb-description\">Sie sehen gerade einen Platzhalterinhalt von <strong>YouTube<\/strong>. Um auf den eigentlichen Inhalt zuzugreifen, klicken Sie auf die Schaltfl\u00e4che unten. Bitte beachten Sie, dass dabei Daten an Drittanbieter weitergegeben werden.<\/p>\n<p> <a class=\"brlbs-cmpnt-cb-provider-toggle\" href=\"#\" data-borlabs-cookie-show-provider-information role=\"button\">Mehr Informationen<\/a> <\/div>\n<div class=\"brlbs-cmpnt-cb-buttons\"> <a class=\"brlbs-cmpnt-cb-btn\" href=\"#\" data-borlabs-cookie-unblock role=\"button\">Inhalt entsperren<\/a> <a class=\"brlbs-cmpnt-cb-btn\" href=\"#\" data-borlabs-cookie-accept-service role=\"button\" style=\"display: inherit\">Erforderlichen Service akzeptieren und Inhalte entsperren<\/a> <\/div>\n<\/p><\/div>\n<\/p><\/div>\n<\/div>\n<div class=\"img-slider\">\n\t<div class=\"swiper-container\">\n\t\t<div class=\"swiper-wrapper\">\n                            <div class=\"swiper-slide\">\n                    <figure>\n                        <div class=\"img-wrapper\">\n                            <img decoding=\"async\" width=\"675\" height=\"450\" src=\"https:\/\/www.musikfabrik.eu\/wp-content\/uploads\/2021\/10\/Dirk-Wietheger-\u00a9-Janet-Sinica-JS_05152-300dpi.jpg\" class=\"attachment-full size-full\" alt=\"Dirk Wietheger\" srcset=\"https:\/\/www.musikfabrik.eu\/wp-content\/uploads\/2021\/10\/Dirk-Wietheger-\u00a9-Janet-Sinica-JS_05152-300dpi.jpg 675w, https:\/\/www.musikfabrik.eu\/wp-content\/uploads\/2021\/10\/Dirk-Wietheger-\u00a9-Janet-Sinica-JS_05152-300dpi-300x200.jpg 300w\" sizes=\"(max-width: 675px) 100vw, 675px\" \/>                        <\/div>\n                                                    <figcaption>\n                                \u00a9 Janet Sinica                            <\/figcaption>\n                                            <\/figure>\n                <\/div>\n                            <div class=\"swiper-slide\">\n                    <figure>\n                        <div class=\"img-wrapper\">\n                            <img decoding=\"async\" width=\"675\" height=\"438\" src=\"https:\/\/www.musikfabrik.eu\/wp-content\/uploads\/2021\/10\/Dirk-Wietheger-\u00a9-Janet-Sinica-DSC_0430.jpg\" class=\"attachment-full size-full\" alt=\"Dirk Wietheger\" srcset=\"https:\/\/www.musikfabrik.eu\/wp-content\/uploads\/2021\/10\/Dirk-Wietheger-\u00a9-Janet-Sinica-DSC_0430.jpg 675w, https:\/\/www.musikfabrik.eu\/wp-content\/uploads\/2021\/10\/Dirk-Wietheger-\u00a9-Janet-Sinica-DSC_0430-300x195.jpg 300w\" sizes=\"(max-width: 675px) 100vw, 675px\" \/>                        <\/div>\n                                                    <figcaption>\n                                \u00a9 Janet Sinica                            <\/figcaption>\n                                            <\/figure>\n                <\/div>\n                            <div class=\"swiper-slide\">\n                    <figure>\n                        <div class=\"img-wrapper\">\n                            <img decoding=\"async\" width=\"675\" height=\"450\" src=\"https:\/\/www.musikfabrik.eu\/wp-content\/uploads\/2021\/10\/Dirk-Wietheger-\u00a9-Janet-Sinica-DSC_8421_c.jpg\" class=\"attachment-full size-full\" alt=\"Dirk Wietheger\" srcset=\"https:\/\/www.musikfabrik.eu\/wp-content\/uploads\/2021\/10\/Dirk-Wietheger-\u00a9-Janet-Sinica-DSC_8421_c.jpg 675w, https:\/\/www.musikfabrik.eu\/wp-content\/uploads\/2021\/10\/Dirk-Wietheger-\u00a9-Janet-Sinica-DSC_8421_c-300x200.jpg 300w\" sizes=\"(max-width: 675px) 100vw, 675px\" \/>                        <\/div>\n                                                    <figcaption>\n                                \u00a9 Janet Sinica                            <\/figcaption>\n                                            <\/figure>\n                <\/div>\n                            <div class=\"swiper-slide\">\n                    <figure>\n                        <div class=\"img-wrapper\">\n                            <img decoding=\"async\" width=\"675\" height=\"450\" src=\"https:\/\/www.musikfabrik.eu\/wp-content\/uploads\/2021\/10\/Dirk-Wietheger-\u00a9-Janet-Sinica-JS_02239.jpg\" class=\"attachment-full size-full\" alt=\"Dirk Wietheger\" srcset=\"https:\/\/www.musikfabrik.eu\/wp-content\/uploads\/2021\/10\/Dirk-Wietheger-\u00a9-Janet-Sinica-JS_02239.jpg 675w, https:\/\/www.musikfabrik.eu\/wp-content\/uploads\/2021\/10\/Dirk-Wietheger-\u00a9-Janet-Sinica-JS_02239-300x200.jpg 300w\" sizes=\"(max-width: 675px) 100vw, 675px\" \/>                        <\/div>\n                                                    <figcaption>\n                                \u00a9 Janet Sinica                            <\/figcaption>\n                                            <\/figure>\n                <\/div>\n                            <div class=\"swiper-slide\">\n                    <figure>\n                        <div class=\"img-wrapper\">\n                            <img decoding=\"async\" width=\"675\" height=\"451\" src=\"https:\/\/www.musikfabrik.eu\/wp-content\/uploads\/2021\/10\/Dirk-Wietheger-\u00a9-Janet-Sinica-DSC_0117_.jpg\" class=\"attachment-full size-full\" alt=\"Dirk Wietheger\" srcset=\"https:\/\/www.musikfabrik.eu\/wp-content\/uploads\/2021\/10\/Dirk-Wietheger-\u00a9-Janet-Sinica-DSC_0117_.jpg 675w, https:\/\/www.musikfabrik.eu\/wp-content\/uploads\/2021\/10\/Dirk-Wietheger-\u00a9-Janet-Sinica-DSC_0117_-300x200.jpg 300w\" sizes=\"(max-width: 675px) 100vw, 675px\" \/>                        <\/div>\n                                                    <figcaption>\n                                \u00a9 Janet Sinica                            <\/figcaption>\n                                            <\/figure>\n                <\/div>\n            \t\t<\/div>\n\t\t<div class=\"swiper-button-prev\"><\/div>\n\t\t<div class=\"swiper-button-next\"><\/div>\n\t<\/div>\n<\/div>\n            <\/div>\r\n        <\/div>\r\n    <\/div>\r\n<\/div>\r\n","protected":false},"excerpt":{"rendered":"<p>Dirk Wietheger Dirk Wietheger wurde 1972 in M\u00fcnster\/Westfalen geboren. Er studierte an der Hochschule f\u00fcr Musik Detmold bei Gotthard Popp und Karine Georgian, danach an der Hochschule f\u00fcr Musik und Theater Hannover bei Klaus Heitz. Anschlie\u00dfend besuchte er die Meisterklasse von Xenia Jankovic an der Hochschule f\u00fcr Musik W\u00fcrzburg, welche er 2002 mit dem Meisterklassendiplom [&hellip;]<\/p>\n","protected":false},"author":7,"featured_media":0,"parent":102,"menu_order":15,"comment_status":"closed","ping_status":"closed","template":"","meta":{"_acf_changed":false,"_relevanssi_hide_post":"","_relevanssi_hide_content":"","_relevanssi_pin_for_all":"","_relevanssi_pin_keywords":"","_relevanssi_unpin_keywords":"","_relevanssi_related_keywords":"","_relevanssi_related_include_ids":"","_relevanssi_related_exclude_ids":"","_relevanssi_related_no_append":"","_relevanssi_related_not_related":"","_relevanssi_related_posts":"","_relevanssi_noindex_reason":"","footnotes":""},"class_list":["post-1091","page","type-page","status-publish","hentry"],"acf":[],"_links":{"self":[{"href":"https:\/\/www.musikfabrik.eu\/de\/wp-json\/wp\/v2\/pages\/1091","targetHints":{"allow":["GET"]}}],"collection":[{"href":"https:\/\/www.musikfabrik.eu\/de\/wp-json\/wp\/v2\/pages"}],"about":[{"href":"https:\/\/www.musikfabrik.eu\/de\/wp-json\/wp\/v2\/types\/page"}],"author":[{"embeddable":true,"href":"https:\/\/www.musikfabrik.eu\/de\/wp-json\/wp\/v2\/users\/7"}],"replies":[{"embeddable":true,"href":"https:\/\/www.musikfabrik.eu\/de\/wp-json\/wp\/v2\/comments?post=1091"}],"version-history":[{"count":5,"href":"https:\/\/www.musikfabrik.eu\/de\/wp-json\/wp\/v2\/pages\/1091\/revisions"}],"predecessor-version":[{"id":4792,"href":"https:\/\/www.musikfabrik.eu\/de\/wp-json\/wp\/v2\/pages\/1091\/revisions\/4792"}],"up":[{"embeddable":true,"href":"https:\/\/www.musikfabrik.eu\/de\/wp-json\/wp\/v2\/pages\/102"}],"wp:attachment":[{"href":"https:\/\/www.musikfabrik.eu\/de\/wp-json\/wp\/v2\/media?parent=1091"}],"curies":[{"name":"wp","href":"https:\/\/api.w.org\/{rel}","templated":true}]}}

<div class="ce ce-headline pb-medium pt-large">
    <div class="container">
        <div class="row">
            <div class="col">
				<h1>Dirk Wietheger</h1>            </div>
        </div>
    </div>
</div>
<div class="ce ce-twocol pb-large layout-8-4" >
    <div class="container">
        <div class="row">
            <div class="col col-custom-1">
				<p>Dirk Wietheger wurde 1972 in Münster/Westfalen geboren. Er studierte an der Hochschule für Musik Detmold bei Gotthard Popp und Karine Georgian, danach an der Hochschule für Musik und Theater Hannover bei Klaus Heitz. Anschließend besuchte er die Meisterklasse von Xenia Jankovic an der Hochschule für Musik Würzburg, welche er 2002 mit dem Meisterklassendiplom abschloss. Auf zahlreichen Meisterkursen vervollständigte er seine Ausbildung, u.a. bei Maria Kliegel, Arto Noras, David Geringas und Heinrich Schiff.</p>
<p>Bereits 1991 wurde er eingeladen, auf dem Festival Aktive Musik Ruhrgebiet ein Werk für Violoncello solo des japanischen Komponisten Seiichi Inagaki als Uraufführung zu spielen. Seitdem konzertiert er viel als Solist und Kammermusiker im deutschsprachigen Raum, schwerpunktmäßig mit Werken des 20. Jahrhunderts. So trat er z.B. bei der Biennale Neue Musik Hannover oder bei den Bielefelder Konzerttagen auf, wo ihn die dortige Presse als „Hochbegabung ersten Ranges“ bezeichnete.</p>
<p>Seit 2001 ist er festes Mitglied des Ensemble Musikfabrik. 2004 erschien eine von der Kritik begeistert aufgenommene Solo-CD mit Werken von Gubajdulina, Janáček und Grieg bei TACET/EigenArt. Dirk Wietheger lehrt im Rahmen von Meisterklassen und Workshops, so z.B. an der Robert-Schumann-Hochschule Düsseldorf. Von 2009 bis 2011 hatte er einen Lehrauftrag an der Hochschule für Musik Detmold inne. Er spielt ein Testore-Violoncello aus Mailand, Anfang 18. Jahrhundert.</p>
            </div>
            <div class="col col-custom-2">
				
<div class="brlbs-cmpnt-container brlbs-cmpnt-content-blocker brlbs-cmpnt-with-individual-styles" data-borlabs-cookie-content-blocker-id="youtube-content-blocker" data-borlabs-cookie-content="PGRpdiBjbGFzcz0icmVzcG9uc2l2ZS12aWRlbyI+PGlmcmFtZSB0aXRsZT0iSm9oYW5uZXMgU2Now7ZsbGhvcm4g4oCTIEdyaXNhaWxsZSAoMjAxMykiIHdpZHRoPSI1MDAiIGhlaWdodD0iMjgxIiBzcmM9Imh0dHBzOi8vd3d3LnlvdXR1YmUtbm9jb29raWUuY29tL2VtYmVkL0NhOHFYLXA4YVl3P2ZlYXR1cmU9b2VtYmVkJnNob3dpbmZvPTAiIGZyYW1lYm9yZGVyPSIwIiBhbGxvdz0iYWNjZWxlcm9tZXRlcjsgYXV0b3BsYXk7IGNsaXBib2FyZC13cml0ZTsgZW5jcnlwdGVkLW1lZGlhOyBneXJvc2NvcGU7IHBpY3R1cmUtaW4tcGljdHVyZTsgd2ViLXNoYXJlIiByZWZlcnJlcnBvbGljeT0ic3RyaWN0LW9yaWdpbi13aGVuLWNyb3NzLW9yaWdpbiIgYWxsb3dmdWxsc2NyZWVuPjwvaWZyYW1lPjwvZGl2Pg==">
<div class="brlbs-cmpnt-cb-preset-c brlbs-cmpnt-cb-youtube">
<div class="brlbs-cmpnt-cb-thumbnail" style="background-image: url('https://www.musikfabrik.eu/wp-content/uploads/borlabs-cookie/1/yt_Ca8qX-p8aYw_hqdefault.jpg')"></div>
<div class="brlbs-cmpnt-cb-main">
<div class="brlbs-cmpnt-cb-play-button"></div>
<div class="brlbs-cmpnt-cb-content">
<p class="brlbs-cmpnt-cb-description">Sie sehen gerade einen Platzhalterinhalt von <strong>YouTube</strong>. Um auf den eigentlichen Inhalt zuzugreifen, klicken Sie auf die Schaltfläche unten. Bitte beachten Sie, dass dabei Daten an Drittanbieter weitergegeben werden.</p>
<p> <a class="brlbs-cmpnt-cb-provider-toggle" href="#" data-borlabs-cookie-show-provider-information role="button">Mehr Informationen</a> </div>
<div class="brlbs-cmpnt-cb-buttons"> <a class="brlbs-cmpnt-cb-btn" href="#" data-borlabs-cookie-unblock role="button">Inhalt entsperren</a> <a class="brlbs-cmpnt-cb-btn" href="#" data-borlabs-cookie-accept-service role="button" style="display: inherit">Erforderlichen Service akzeptieren und Inhalte entsperren</a> </div>
</p></div>
</p></div>
</div>
<div class="img-slider">
	<div class="swiper-container">
		<div class="swiper-wrapper">
                            <div class="swiper-slide">
                    <figure>
                        <div class="img-wrapper">
                            <img decoding="async" width="675" height="450" src="https://www.musikfabrik.eu/wp-content/uploads/2021/10/Dirk-Wietheger-©-Janet-Sinica-JS_05152-300dpi.jpg" class="attachment-full size-full" alt="Dirk Wietheger" srcset="https://www.musikfabrik.eu/wp-content/uploads/2021/10/Dirk-Wietheger-©-Janet-Sinica-JS_05152-300dpi.jpg 675w, https://www.musikfabrik.eu/wp-content/uploads/2021/10/Dirk-Wietheger-©-Janet-Sinica-JS_05152-300dpi-300x200.jpg 300w" sizes="(max-width: 675px) 100vw, 675px" />                        </div>
                                                    <figcaption>
                                © Janet Sinica                            </figcaption>
                                            </figure>
                </div>
                            <div class="swiper-slide">
                    <figure>
                        <div class="img-wrapper">
                            <img decoding="async" width="675" height="438" src="https://www.musikfabrik.eu/wp-content/uploads/2021/10/Dirk-Wietheger-©-Janet-Sinica-DSC_0430.jpg" class="attachment-full size-full" alt="Dirk Wietheger" srcset="https://www.musikfabrik.eu/wp-content/uploads/2021/10/Dirk-Wietheger-©-Janet-Sinica-DSC_0430.jpg 675w, https://www.musikfabrik.eu/wp-content/uploads/2021/10/Dirk-Wietheger-©-Janet-Sinica-DSC_0430-300x195.jpg 300w" sizes="(max-width: 675px) 100vw, 675px" />                        </div>
                                                    <figcaption>
                                © Janet Sinica                            </figcaption>
                                            </figure>
                </div>
                            <div class="swiper-slide">
                    <figure>
                        <div class="img-wrapper">
                            <img decoding="async" width="675" height="450" src="https://www.musikfabrik.eu/wp-content/uploads/2021/10/Dirk-Wietheger-©-Janet-Sinica-DSC_8421_c.jpg" class="attachment-full size-full" alt="Dirk Wietheger" srcset="https://www.musikfabrik.eu/wp-content/uploads/2021/10/Dirk-Wietheger-©-Janet-Sinica-DSC_8421_c.jpg 675w, https://www.musikfabrik.eu/wp-content/uploads/2021/10/Dirk-Wietheger-©-Janet-Sinica-DSC_8421_c-300x200.jpg 300w" sizes="(max-width: 675px) 100vw, 675px" />                        </div>
                                                    <figcaption>
                                © Janet Sinica                            </figcaption>
                                            </figure>
                </div>
                            <div class="swiper-slide">
                    <figure>
                        <div class="img-wrapper">
                            <img decoding="async" width="675" height="450" src="https://www.musikfabrik.eu/wp-content/uploads/2021/10/Dirk-Wietheger-©-Janet-Sinica-JS_02239.jpg" class="attachment-full size-full" alt="Dirk Wietheger" srcset="https://www.musikfabrik.eu/wp-content/uploads/2021/10/Dirk-Wietheger-©-Janet-Sinica-JS_02239.jpg 675w, https://www.musikfabrik.eu/wp-content/uploads/2021/10/Dirk-Wietheger-©-Janet-Sinica-JS_02239-300x200.jpg 300w" sizes="(max-width: 675px) 100vw, 675px" />                        </div>
                                                    <figcaption>
                                © Janet Sinica                            </figcaption>
                                            </figure>
                </div>
                            <div class="swiper-slide">
                    <figure>
                        <div class="img-wrapper">
                            <img decoding="async" width="675" height="451" src="https://www.musikfabrik.eu/wp-content/uploads/2021/10/Dirk-Wietheger-©-Janet-Sinica-DSC_0117_.jpg" class="attachment-full size-full" alt="Dirk Wietheger" srcset="https://www.musikfabrik.eu/wp-content/uploads/2021/10/Dirk-Wietheger-©-Janet-Sinica-DSC_0117_.jpg 675w, https://www.musikfabrik.eu/wp-content/uploads/2021/10/Dirk-Wietheger-©-Janet-Sinica-DSC_0117_-300x200.jpg 300w" sizes="(max-width: 675px) 100vw, 675px" />                        </div>
                                                    <figcaption>
                                © Janet Sinica                            </figcaption>
                                            </figure>
                </div>
            		</div>
		<div class="swiper-button-prev"></div>
		<div class="swiper-button-next"></div>
	</div>
</div>
            </div>
        </div>
    </div>
</div>

<p>Dirk Wietheger Dirk Wietheger wurde 1972 in Münster/Westfalen geboren. Er studierte an der Hochschule für Musik Detmold bei Gotthard Popp und Karine Georgian, danach an der Hochschule für Musik und Theater Hannover bei Klaus Heitz. Anschließend besuchte er die Meisterklasse von Xenia Jankovic an der Hochschule für Musik Würzburg, welche er 2002 mit dem Meisterklassendiplom [&hellip;]</p>
