{"id":1088,"date":"2021-10-05T19:37:25","date_gmt":"2021-10-05T17:37:25","guid":{"rendered":"https:\/\/www.musikfabrik.eu\/?page_id=1088"},"modified":"2021-12-15T12:26:30","modified_gmt":"2021-12-15T11:26:30","slug":"hannah-weirich","status":"publish","type":"page","link":"https:\/\/www.musikfabrik.eu\/de\/ensemble\/mitglieder\/hannah-weirich\/","title":{"rendered":"Hannah Weirich"},"content":{"rendered":"<div class=\"ce ce-headline pb-medium pt-large\">\n    <div class=\"container\">\n        <div class=\"row\">\n            <div class=\"col\">\n\t\t\t\t<h1>Hannah Weirich<\/h1>            <\/div>\n        <\/div>\n    <\/div>\n<\/div>\n<div class=\"ce ce-twocol pb-large layout-8-4\" >\r\n    <div class=\"container\">\r\n        <div class=\"row\">\r\n            <div class=\"col col-custom-1\">\r\n\t\t\t\t<p>Die Entscheidung f\u00fcr das Instrument f\u00e4llt sie schon mit Sechs, die f\u00fcr den Beruf nur ein paar Jahre sp\u00e4ter. Auch die Gr\u00fcndung eines Klaviertrios mit Zw\u00f6lf ist keine Laune, sondern unterstreicht einmal mehr, dass Hannah Weirich die Ziele, die sie sich setzt, nicht aus den Augen verliert.<\/p>\n<p>Im Trio Fridegk konzertiert sie bis heute, und Geigerin ist sie sowieso geworden \u2013 ermuntert, falls das \u00fcberhaupt n\u00f6tig war, von Lehrern wie Ingolf Turban, Igor Ozim und Franco Gulli und, last but not least, dem Gewinn zahlreicher Auszeichnungen wie dem 1. Preis und Avantgardepreis beim Jakob-Stainer-Violinwettbewerb 1997 und dem 1. Preis und Beethoven-Preis beim Internationalen Beethoven-Wettbewerb in Hradec\/Tschechien 2000 mit dem Trio Fridegk. Auch der so zeitig entwickelten Liebe zur Kammermusik ist die 1980 im Allg\u00e4u geborene Musikerin treu geblieben. Im Orchester zu verschwinden war f\u00fcr Hannah Weirich nie eine aussichtsreiche Perspektive; im Tutti, sagt sie &#8222;verliert man zu viel Verantwortung.&#8220; Verantwortung tr\u00e4gt sie nun im Ensemble Musikfabrik, dessen Mitglied sie seit 2005 ist, mit jedem Einsatz und findet darin &#8222;eine wunderbare Balance zwischen Gemeinschaft und Solo.&#8220;<\/p>\n<p>Die fachliche Diskussion mit den Kollegen sch\u00e4tzt sie ebenso wie die M\u00f6glichkeit, mit Komponisten \u00fcber Details und Hintergrund ihrer Werke ins Gespr\u00e4ch zu kommen. &#8222;Die vielen Erfahrungen, die ich mit zeitgen\u00f6ssischer Musik sammeln kann, nutzen letztlich auch meinem Zugriff aufs klassische Repertoire. Und umgekehrt.&#8220;<\/p>\n            <\/div>\r\n            <div class=\"col col-custom-2\">\r\n\t\t\t\t\n<div class=\"brlbs-cmpnt-container brlbs-cmpnt-content-blocker brlbs-cmpnt-with-individual-styles\" data-borlabs-cookie-content-blocker-id=\"youtube-content-blocker\" data-borlabs-cookie-content=\"PGRpdiBjbGFzcz0icmVzcG9uc2l2ZS12aWRlbyI+PGlmcmFtZSB0aXRsZT0iUmViZWNjYSBTYXVuZGVycyDigJMgRHVvICgxOTk2LCBSZXYuIDE5OTkpIiB3aWR0aD0iNTAwIiBoZWlnaHQ9IjI4MSIgc3JjPSJodHRwczovL3d3dy55b3V0dWJlLW5vY29va2llLmNvbS9lbWJlZC9TbFRYZy1pM0lfaz9mZWF0dXJlPW9lbWJlZCZzaG93aW5mbz0wIiBmcmFtZWJvcmRlcj0iMCIgYWxsb3c9ImFjY2VsZXJvbWV0ZXI7IGF1dG9wbGF5OyBjbGlwYm9hcmQtd3JpdGU7IGVuY3J5cHRlZC1tZWRpYTsgZ3lyb3Njb3BlOyBwaWN0dXJlLWluLXBpY3R1cmU7IHdlYi1zaGFyZSIgcmVmZXJyZXJwb2xpY3k9InN0cmljdC1vcmlnaW4td2hlbi1jcm9zcy1vcmlnaW4iIGFsbG93ZnVsbHNjcmVlbj48L2lmcmFtZT48L2Rpdj4=\">\n<div class=\"brlbs-cmpnt-cb-preset-c brlbs-cmpnt-cb-youtube\">\n<div class=\"brlbs-cmpnt-cb-thumbnail\" style=\"background-image: url('https:\/\/www.musikfabrik.eu\/wp-content\/uploads\/borlabs-cookie\/1\/yt_SlTXg-i3I_k_hqdefault.jpg')\"><\/div>\n<div class=\"brlbs-cmpnt-cb-main\">\n<div class=\"brlbs-cmpnt-cb-play-button\"><\/div>\n<div class=\"brlbs-cmpnt-cb-content\">\n<p class=\"brlbs-cmpnt-cb-description\">Sie sehen gerade einen Platzhalterinhalt von <strong>YouTube<\/strong>. Um auf den eigentlichen Inhalt zuzugreifen, klicken Sie auf die Schaltfl\u00e4che unten. Bitte beachten Sie, dass dabei Daten an Drittanbieter weitergegeben werden.<\/p>\n<p> <a class=\"brlbs-cmpnt-cb-provider-toggle\" href=\"#\" data-borlabs-cookie-show-provider-information role=\"button\">Mehr Informationen<\/a> <\/div>\n<div class=\"brlbs-cmpnt-cb-buttons\"> <a class=\"brlbs-cmpnt-cb-btn\" href=\"#\" data-borlabs-cookie-unblock role=\"button\">Inhalt entsperren<\/a> <a class=\"brlbs-cmpnt-cb-btn\" href=\"#\" data-borlabs-cookie-accept-service role=\"button\" style=\"display: inherit\">Erforderlichen Service akzeptieren und Inhalte entsperren<\/a> <\/div>\n<\/p><\/div>\n<\/p><\/div>\n<\/div>\n<div class=\"img-slider\">\n\t<div class=\"swiper-container\">\n\t\t<div class=\"swiper-wrapper\">\n                            <div class=\"swiper-slide\">\n                    <figure>\n                        <div class=\"img-wrapper\">\n                            <img decoding=\"async\" width=\"675\" height=\"450\" src=\"https:\/\/www.musikfabrik.eu\/wp-content\/uploads\/2021\/10\/Hannah-Weirich-\u00a9-Janet-Sinica_DSC00507.jpg\" class=\"attachment-full size-full\" alt=\"Hannah Weirich\" srcset=\"https:\/\/www.musikfabrik.eu\/wp-content\/uploads\/2021\/10\/Hannah-Weirich-\u00a9-Janet-Sinica_DSC00507.jpg 675w, https:\/\/www.musikfabrik.eu\/wp-content\/uploads\/2021\/10\/Hannah-Weirich-\u00a9-Janet-Sinica_DSC00507-300x200.jpg 300w\" sizes=\"(max-width: 675px) 100vw, 675px\" \/>                        <\/div>\n                                                    <figcaption>\n                                \u00a9 Janet Sinica                            <\/figcaption>\n                                            <\/figure>\n                <\/div>\n                            <div class=\"swiper-slide\">\n                    <figure>\n                        <div class=\"img-wrapper\">\n                            <img decoding=\"async\" width=\"675\" height=\"450\" src=\"https:\/\/www.musikfabrik.eu\/wp-content\/uploads\/2021\/10\/Hannah-Weirich-\u00a9-Astrid-Ackermann-_mv_170318_0435_.jpg\" class=\"attachment-full size-full\" alt=\"Hannah Weirich\" srcset=\"https:\/\/www.musikfabrik.eu\/wp-content\/uploads\/2021\/10\/Hannah-Weirich-\u00a9-Astrid-Ackermann-_mv_170318_0435_.jpg 675w, https:\/\/www.musikfabrik.eu\/wp-content\/uploads\/2021\/10\/Hannah-Weirich-\u00a9-Astrid-Ackermann-_mv_170318_0435_-300x200.jpg 300w\" sizes=\"(max-width: 675px) 100vw, 675px\" \/>                        <\/div>\n                                                    <figcaption>\n                                \u00a9 Astrid Ackermann                            <\/figcaption>\n                                            <\/figure>\n                <\/div>\n                            <div class=\"swiper-slide\">\n                    <figure>\n                        <div class=\"img-wrapper\">\n                            <img decoding=\"async\" width=\"675\" height=\"450\" src=\"https:\/\/www.musikfabrik.eu\/wp-content\/uploads\/2021\/10\/Hannah-Weirich-\u00a9-Janet-Sinica-JS_03768.jpg\" class=\"attachment-full size-full\" alt=\"Hannah Weirich\" srcset=\"https:\/\/www.musikfabrik.eu\/wp-content\/uploads\/2021\/10\/Hannah-Weirich-\u00a9-Janet-Sinica-JS_03768.jpg 675w, https:\/\/www.musikfabrik.eu\/wp-content\/uploads\/2021\/10\/Hannah-Weirich-\u00a9-Janet-Sinica-JS_03768-300x200.jpg 300w\" sizes=\"(max-width: 675px) 100vw, 675px\" \/>                        <\/div>\n                                                    <figcaption>\n                                \u00a9 Janet Sinica                            <\/figcaption>\n                                            <\/figure>\n                <\/div>\n                            <div class=\"swiper-slide\">\n                    <figure>\n                        <div class=\"img-wrapper\">\n                            <img decoding=\"async\" width=\"675\" height=\"380\" src=\"https:\/\/www.musikfabrik.eu\/wp-content\/uploads\/2021\/10\/Hannah-Weirich-\u00a9-Janet-Sinica-EM_210502_4.3.1.jpg\" class=\"attachment-full size-full\" alt=\"Hannah Weirich\" srcset=\"https:\/\/www.musikfabrik.eu\/wp-content\/uploads\/2021\/10\/Hannah-Weirich-\u00a9-Janet-Sinica-EM_210502_4.3.1.jpg 675w, https:\/\/www.musikfabrik.eu\/wp-content\/uploads\/2021\/10\/Hannah-Weirich-\u00a9-Janet-Sinica-EM_210502_4.3.1-300x169.jpg 300w\" sizes=\"(max-width: 675px) 100vw, 675px\" \/>                        <\/div>\n                                                    <figcaption>\n                                \u00a9 Janet Sinica                            <\/figcaption>\n                                            <\/figure>\n                <\/div>\n                            <div class=\"swiper-slide\">\n                    <figure>\n                        <div class=\"img-wrapper\">\n                            <img decoding=\"async\" width=\"675\" height=\"450\" src=\"https:\/\/www.musikfabrik.eu\/wp-content\/uploads\/2021\/10\/Hannah-Weirich-\u00a9-Janet-Sinica-JS_03938.jpg\" class=\"attachment-full size-full\" alt=\"Hannah Weirich\" srcset=\"https:\/\/www.musikfabrik.eu\/wp-content\/uploads\/2021\/10\/Hannah-Weirich-\u00a9-Janet-Sinica-JS_03938.jpg 675w, https:\/\/www.musikfabrik.eu\/wp-content\/uploads\/2021\/10\/Hannah-Weirich-\u00a9-Janet-Sinica-JS_03938-300x200.jpg 300w\" sizes=\"(max-width: 675px) 100vw, 675px\" \/>                        <\/div>\n                                                    <figcaption>\n                                \u00a9 Janet Sinica                            <\/figcaption>\n                                            <\/figure>\n                <\/div>\n            \t\t<\/div>\n\t\t<div class=\"swiper-button-prev\"><\/div>\n\t\t<div class=\"swiper-button-next\"><\/div>\n\t<\/div>\n<\/div>\n            <\/div>\r\n        <\/div>\r\n    <\/div>\r\n<\/div>\r\n","protected":false},"excerpt":{"rendered":"<p>Hannah Weirich Die Entscheidung f\u00fcr das Instrument f\u00e4llt sie schon mit Sechs, die f\u00fcr den Beruf nur ein paar Jahre sp\u00e4ter. Auch die Gr\u00fcndung eines Klaviertrios mit Zw\u00f6lf ist keine Laune, sondern unterstreicht einmal mehr, dass Hannah Weirich die Ziele, die sie sich setzt, nicht aus den Augen verliert. Im Trio Fridegk konzertiert sie bis [&hellip;]<\/p>\n","protected":false},"author":7,"featured_media":0,"parent":102,"menu_order":14,"comment_status":"closed","ping_status":"closed","template":"","meta":{"_acf_changed":false,"_relevanssi_hide_post":"","_relevanssi_hide_content":"","_relevanssi_pin_for_all":"","_relevanssi_pin_keywords":"","_relevanssi_unpin_keywords":"","_relevanssi_related_keywords":"","_relevanssi_related_include_ids":"","_relevanssi_related_exclude_ids":"","_relevanssi_related_no_append":"","_relevanssi_related_not_related":"","_relevanssi_related_posts":"","_relevanssi_noindex_reason":"","footnotes":""},"class_list":["post-1088","page","type-page","status-publish","hentry"],"acf":[],"_links":{"self":[{"href":"https:\/\/www.musikfabrik.eu\/de\/wp-json\/wp\/v2\/pages\/1088","targetHints":{"allow":["GET"]}}],"collection":[{"href":"https:\/\/www.musikfabrik.eu\/de\/wp-json\/wp\/v2\/pages"}],"about":[{"href":"https:\/\/www.musikfabrik.eu\/de\/wp-json\/wp\/v2\/types\/page"}],"author":[{"embeddable":true,"href":"https:\/\/www.musikfabrik.eu\/de\/wp-json\/wp\/v2\/users\/7"}],"replies":[{"embeddable":true,"href":"https:\/\/www.musikfabrik.eu\/de\/wp-json\/wp\/v2\/comments?post=1088"}],"version-history":[{"count":6,"href":"https:\/\/www.musikfabrik.eu\/de\/wp-json\/wp\/v2\/pages\/1088\/revisions"}],"predecessor-version":[{"id":4789,"href":"https:\/\/www.musikfabrik.eu\/de\/wp-json\/wp\/v2\/pages\/1088\/revisions\/4789"}],"up":[{"embeddable":true,"href":"https:\/\/www.musikfabrik.eu\/de\/wp-json\/wp\/v2\/pages\/102"}],"wp:attachment":[{"href":"https:\/\/www.musikfabrik.eu\/de\/wp-json\/wp\/v2\/media?parent=1088"}],"curies":[{"name":"wp","href":"https:\/\/api.w.org\/{rel}","templated":true}]}}

<div class="ce ce-headline pb-medium pt-large">
    <div class="container">
        <div class="row">
            <div class="col">
				<h1>Hannah Weirich</h1>            </div>
        </div>
    </div>
</div>
<div class="ce ce-twocol pb-large layout-8-4" >
    <div class="container">
        <div class="row">
            <div class="col col-custom-1">
				<p>Die Entscheidung für das Instrument fällt sie schon mit Sechs, die für den Beruf nur ein paar Jahre später. Auch die Gründung eines Klaviertrios mit Zwölf ist keine Laune, sondern unterstreicht einmal mehr, dass Hannah Weirich die Ziele, die sie sich setzt, nicht aus den Augen verliert.</p>
<p>Im Trio Fridegk konzertiert sie bis heute, und Geigerin ist sie sowieso geworden – ermuntert, falls das überhaupt nötig war, von Lehrern wie Ingolf Turban, Igor Ozim und Franco Gulli und, last but not least, dem Gewinn zahlreicher Auszeichnungen wie dem 1. Preis und Avantgardepreis beim Jakob-Stainer-Violinwettbewerb 1997 und dem 1. Preis und Beethoven-Preis beim Internationalen Beethoven-Wettbewerb in Hradec/Tschechien 2000 mit dem Trio Fridegk. Auch der so zeitig entwickelten Liebe zur Kammermusik ist die 1980 im Allgäu geborene Musikerin treu geblieben. Im Orchester zu verschwinden war für Hannah Weirich nie eine aussichtsreiche Perspektive; im Tutti, sagt sie &#8222;verliert man zu viel Verantwortung.&#8220; Verantwortung trägt sie nun im Ensemble Musikfabrik, dessen Mitglied sie seit 2005 ist, mit jedem Einsatz und findet darin &#8222;eine wunderbare Balance zwischen Gemeinschaft und Solo.&#8220;</p>
<p>Die fachliche Diskussion mit den Kollegen schätzt sie ebenso wie die Möglichkeit, mit Komponisten über Details und Hintergrund ihrer Werke ins Gespräch zu kommen. &#8222;Die vielen Erfahrungen, die ich mit zeitgenössischer Musik sammeln kann, nutzen letztlich auch meinem Zugriff aufs klassische Repertoire. Und umgekehrt.&#8220;</p>
            </div>
            <div class="col col-custom-2">
				
<div class="brlbs-cmpnt-container brlbs-cmpnt-content-blocker brlbs-cmpnt-with-individual-styles" data-borlabs-cookie-content-blocker-id="youtube-content-blocker" data-borlabs-cookie-content="PGRpdiBjbGFzcz0icmVzcG9uc2l2ZS12aWRlbyI+PGlmcmFtZSB0aXRsZT0iUmViZWNjYSBTYXVuZGVycyDigJMgRHVvICgxOTk2LCBSZXYuIDE5OTkpIiB3aWR0aD0iNTAwIiBoZWlnaHQ9IjI4MSIgc3JjPSJodHRwczovL3d3dy55b3V0dWJlLW5vY29va2llLmNvbS9lbWJlZC9TbFRYZy1pM0lfaz9mZWF0dXJlPW9lbWJlZCZzaG93aW5mbz0wIiBmcmFtZWJvcmRlcj0iMCIgYWxsb3c9ImFjY2VsZXJvbWV0ZXI7IGF1dG9wbGF5OyBjbGlwYm9hcmQtd3JpdGU7IGVuY3J5cHRlZC1tZWRpYTsgZ3lyb3Njb3BlOyBwaWN0dXJlLWluLXBpY3R1cmU7IHdlYi1zaGFyZSIgcmVmZXJyZXJwb2xpY3k9InN0cmljdC1vcmlnaW4td2hlbi1jcm9zcy1vcmlnaW4iIGFsbG93ZnVsbHNjcmVlbj48L2lmcmFtZT48L2Rpdj4=">
<div class="brlbs-cmpnt-cb-preset-c brlbs-cmpnt-cb-youtube">
<div class="brlbs-cmpnt-cb-thumbnail" style="background-image: url('https://www.musikfabrik.eu/wp-content/uploads/borlabs-cookie/1/yt_SlTXg-i3I_k_hqdefault.jpg')"></div>
<div class="brlbs-cmpnt-cb-main">
<div class="brlbs-cmpnt-cb-play-button"></div>
<div class="brlbs-cmpnt-cb-content">
<p class="brlbs-cmpnt-cb-description">Sie sehen gerade einen Platzhalterinhalt von <strong>YouTube</strong>. Um auf den eigentlichen Inhalt zuzugreifen, klicken Sie auf die Schaltfläche unten. Bitte beachten Sie, dass dabei Daten an Drittanbieter weitergegeben werden.</p>
<p> <a class="brlbs-cmpnt-cb-provider-toggle" href="#" data-borlabs-cookie-show-provider-information role="button">Mehr Informationen</a> </div>
<div class="brlbs-cmpnt-cb-buttons"> <a class="brlbs-cmpnt-cb-btn" href="#" data-borlabs-cookie-unblock role="button">Inhalt entsperren</a> <a class="brlbs-cmpnt-cb-btn" href="#" data-borlabs-cookie-accept-service role="button" style="display: inherit">Erforderlichen Service akzeptieren und Inhalte entsperren</a> </div>
</p></div>
</p></div>
</div>
<div class="img-slider">
	<div class="swiper-container">
		<div class="swiper-wrapper">
                            <div class="swiper-slide">
                    <figure>
                        <div class="img-wrapper">
                            <img decoding="async" width="675" height="450" src="https://www.musikfabrik.eu/wp-content/uploads/2021/10/Hannah-Weirich-©-Janet-Sinica_DSC00507.jpg" class="attachment-full size-full" alt="Hannah Weirich" srcset="https://www.musikfabrik.eu/wp-content/uploads/2021/10/Hannah-Weirich-©-Janet-Sinica_DSC00507.jpg 675w, https://www.musikfabrik.eu/wp-content/uploads/2021/10/Hannah-Weirich-©-Janet-Sinica_DSC00507-300x200.jpg 300w" sizes="(max-width: 675px) 100vw, 675px" />                        </div>
                                                    <figcaption>
                                © Janet Sinica                            </figcaption>
                                            </figure>
                </div>
                            <div class="swiper-slide">
                    <figure>
                        <div class="img-wrapper">
                            <img decoding="async" width="675" height="450" src="https://www.musikfabrik.eu/wp-content/uploads/2021/10/Hannah-Weirich-©-Astrid-Ackermann-_mv_170318_0435_.jpg" class="attachment-full size-full" alt="Hannah Weirich" srcset="https://www.musikfabrik.eu/wp-content/uploads/2021/10/Hannah-Weirich-©-Astrid-Ackermann-_mv_170318_0435_.jpg 675w, https://www.musikfabrik.eu/wp-content/uploads/2021/10/Hannah-Weirich-©-Astrid-Ackermann-_mv_170318_0435_-300x200.jpg 300w" sizes="(max-width: 675px) 100vw, 675px" />                        </div>
                                                    <figcaption>
                                © Astrid Ackermann                            </figcaption>
                                            </figure>
                </div>
                            <div class="swiper-slide">
                    <figure>
                        <div class="img-wrapper">
                            <img decoding="async" width="675" height="450" src="https://www.musikfabrik.eu/wp-content/uploads/2021/10/Hannah-Weirich-©-Janet-Sinica-JS_03768.jpg" class="attachment-full size-full" alt="Hannah Weirich" srcset="https://www.musikfabrik.eu/wp-content/uploads/2021/10/Hannah-Weirich-©-Janet-Sinica-JS_03768.jpg 675w, https://www.musikfabrik.eu/wp-content/uploads/2021/10/Hannah-Weirich-©-Janet-Sinica-JS_03768-300x200.jpg 300w" sizes="(max-width: 675px) 100vw, 675px" />                        </div>
                                                    <figcaption>
                                © Janet Sinica                            </figcaption>
                                            </figure>
                </div>
                            <div class="swiper-slide">
                    <figure>
                        <div class="img-wrapper">
                            <img decoding="async" width="675" height="380" src="https://www.musikfabrik.eu/wp-content/uploads/2021/10/Hannah-Weirich-©-Janet-Sinica-EM_210502_4.3.1.jpg" class="attachment-full size-full" alt="Hannah Weirich" srcset="https://www.musikfabrik.eu/wp-content/uploads/2021/10/Hannah-Weirich-©-Janet-Sinica-EM_210502_4.3.1.jpg 675w, https://www.musikfabrik.eu/wp-content/uploads/2021/10/Hannah-Weirich-©-Janet-Sinica-EM_210502_4.3.1-300x169.jpg 300w" sizes="(max-width: 675px) 100vw, 675px" />                        </div>
                                                    <figcaption>
                                © Janet Sinica                            </figcaption>
                                            </figure>
                </div>
                            <div class="swiper-slide">
                    <figure>
                        <div class="img-wrapper">
                            <img decoding="async" width="675" height="450" src="https://www.musikfabrik.eu/wp-content/uploads/2021/10/Hannah-Weirich-©-Janet-Sinica-JS_03938.jpg" class="attachment-full size-full" alt="Hannah Weirich" srcset="https://www.musikfabrik.eu/wp-content/uploads/2021/10/Hannah-Weirich-©-Janet-Sinica-JS_03938.jpg 675w, https://www.musikfabrik.eu/wp-content/uploads/2021/10/Hannah-Weirich-©-Janet-Sinica-JS_03938-300x200.jpg 300w" sizes="(max-width: 675px) 100vw, 675px" />                        </div>
                                                    <figcaption>
                                © Janet Sinica                            </figcaption>
                                            </figure>
                </div>
            		</div>
		<div class="swiper-button-prev"></div>
		<div class="swiper-button-next"></div>
	</div>
</div>
            </div>
        </div>
    </div>
</div>

<p>Hannah Weirich Die Entscheidung für das Instrument fällt sie schon mit Sechs, die für den Beruf nur ein paar Jahre später. Auch die Gründung eines Klaviertrios mit Zwölf ist keine Laune, sondern unterstreicht einmal mehr, dass Hannah Weirich die Ziele, die sie sich setzt, nicht aus den Augen verliert. Im Trio Fridegk konzertiert sie bis [&hellip;]</p>
